{"id":4453,"date":"2017-09-15T17:31:56","date_gmt":"2017-09-15T15:31:56","guid":{"rendered":"https:\/\/galprealpidolomiti.it\/i-7-5-1-infrastrutture-e-informazione-per-lo-sviluppo-del-turismo-sostenibile-nelle-aree-rurali\/"},"modified":"2023-02-23T16:46:08","modified_gmt":"2023-02-23T15:46:08","slug":"i-7-5-1-infrastrutture-e-informazione-per-lo-sviluppo-del-turismo-sostenibile-nelle-aree-rurali","status":"publish","type":"page","link":"https:\/\/www.galprealpidolomiti.it\/old\/i-7-5-1-infrastrutture-e-informazione-per-lo-sviluppo-del-turismo-sostenibile-nelle-aree-rurali\/","title":{"rendered":"I 7.5.1 &#8211; Infrastrutture e informazione per lo sviluppo del turismo sostenibile nelle aree rurali"},"content":{"rendered":"\t\t<div data-elementor-type=\"wp-post\" data-elementor-id=\"4453\" class=\"elementor elementor-4453\" data-elementor-post-type=\"page\">\n\t\t\t\t\t\t<section class=\"elementor-section elementor-top-section elementor-element elementor-element-s1ivnke elementor-section-boxed elementor-section-height-default elementor-section-height-default\" data-id=\"s1ivnke\" data-element_type=\"section\" data-settings=\"{&quot;jet_parallax_layout_list&quot;:[]}\">\n\t\t\t\t\t\t<div class=\"elementor-container elementor-column-gap-default\">\n\t\t\t\t\t<div class=\"elementor-column elementor-col-100 elementor-top-column elementor-element elementor-element-gt8v4rq\" data-id=\"gt8v4rq\" data-element_type=\"column\">\n\t\t\t<div class=\"elementor-widget-wrap elementor-element-populated\">\n\t\t\t\t\t\t<div class=\"elementor-element elementor-element-qpxd5tp elementor-widget elementor-widget-text-editor\" data-id=\"qpxd5tp\" data-element_type=\"widget\" data-widget_type=\"text-editor.default\">\n\t\t\t\t<div class=\"elementor-widget-container\">\n\t\t\t\t\t\t\t<h2 style=\"text-align: left;\"><strong>Descrizione Tipo Intervento<\/strong><\/h2><p>Il tipo intervento 7.5.1 sostiene l\u2019attivazione di investimenti ed infrastrutture locali orientati al <strong>miglioramento qualitativo dell\u2019offerta turistica<\/strong>, integrabili con le attivit\u00e0 di ospitalit\u00e0 fornite dalle imprese, per migliorare nel complesso la fruibilit\u00e0 del territorio sotto il profilo del turismo rurale, in coerenza con la politica turistica locale e nell\u2019ottica della sostenibilit\u00e0 economica, sociale ed ambientale.<\/p><p>Gli investimenti riguardano la realizzazione e ammodernamento di infrastrutture su piccola scala; la valorizzazione, riqualificazione e messa in sicurezza di percorsi e itinerari esistenti (<strong>Tipo intervento 7.5.1<\/strong>); la realizzazione di strumenti propedeutici alla commercializzazione dell\u2019offerta turistica integrata, anche tramite web; le iniziative informative finalizzate ad ampliare la conoscenza dell\u2019offerta del sistema turistico nelle aree rurali (<strong>Tipo intervento 19.2.1.x<\/strong>).<\/p><p>Gli interventi di natura infrastrutturale (7.5.1) sono realizzati da enti pubblici mentre le attivit\u00e0 di informazione, animazione e promozione del territorio e dell\u2019offerta turistica (19.2.1.x) sono realizzati da enti di diritto privato (Consorzi turistici, Pro loco, altre associazioni).<\/p>\t\t\t\t\t\t<\/div>\n\t\t\t\t<\/div>\n\t\t\t\t\t<\/div>\n\t\t<\/div>\n\t\t\t\t\t<\/div>\n\t\t<\/section>\n\t\t\t\t<section class=\"elementor-section elementor-top-section elementor-element elementor-element-w5k7xxk elementor-section-boxed elementor-section-height-default elementor-section-height-default\" data-id=\"w5k7xxk\" data-element_type=\"section\" data-settings=\"{&quot;jet_parallax_layout_list&quot;:[]}\">\n\t\t\t\t\t\t<div class=\"elementor-container elementor-column-gap-default\">\n\t\t\t\t\t<div class=\"elementor-column elementor-col-100 elementor-top-column elementor-element elementor-element-yq6o8om\" data-id=\"yq6o8om\" data-element_type=\"column\">\n\t\t\t<div class=\"elementor-widget-wrap elementor-element-populated\">\n\t\t\t\t\t\t<section class=\"elementor-section elementor-inner-section elementor-element elementor-element-27jnw35 elementor-section-boxed elementor-section-height-default elementor-section-height-default\" data-id=\"27jnw35\" data-element_type=\"section\" data-settings=\"{&quot;jet_parallax_layout_list&quot;:[]}\">\n\t\t\t\t\t\t<div class=\"elementor-container elementor-column-gap-default\">\n\t\t\t\t\t<div class=\"elementor-column elementor-col-33 elementor-inner-column elementor-element elementor-element-21gaujw\" data-id=\"21gaujw\" data-element_type=\"column\">\n\t\t\t<div class=\"elementor-widget-wrap elementor-element-populated\">\n\t\t\t\t\t\t<div class=\"elementor-element elementor-element-g4125rw elementor-widget elementor-widget-text-editor\" data-id=\"g4125rw\" data-element_type=\"widget\" data-widget_type=\"text-editor.default\">\n\t\t\t\t<div class=\"elementor-widget-container\">\n\t\t\t\t\t\t\t<h2 style=\"text-align: left;\"><strong>Domande finanziate<br \/><\/strong><\/h2><h4><em>Data rilevazione:\u00a0<\/em><em><span style=\"font-weight: bold; color: #000000;\">31 12 2022<\/span><\/em><\/h4>\t\t\t\t\t\t<\/div>\n\t\t\t\t<\/div>\n\t\t\t\t\t<\/div>\n\t\t<\/div>\n\t\t\t\t<div class=\"elementor-column elementor-col-66 elementor-inner-column elementor-element elementor-element-1or53dw\" data-id=\"1or53dw\" data-element_type=\"column\">\n\t\t\t<div class=\"elementor-widget-wrap elementor-element-populated\">\n\t\t\t\t\t\t<div class=\"elementor-element elementor-element-f5fnr1b elementor-widget elementor-widget-counter\" data-id=\"f5fnr1b\" data-element_type=\"widget\" data-widget_type=\"counter.default\">\n\t\t\t\t<div class=\"elementor-widget-container\">\n\t\t\t\t\t<div class=\"elementor-counter\">\n\t\t\t<div class=\"elementor-counter-number-wrapper\">\n\t\t\t\t<span class=\"elementor-counter-number-prefix\">n. <\/span>\n\t\t\t\t<span class=\"elementor-counter-number\" data-duration=\"2000\" data-to-value=\"35\" data-from-value=\"\" data-delimiter=\",\"><\/span>\n\t\t\t\t<span class=\"elementor-counter-number-suffix\"><\/span>\n\t\t\t<\/div>\n\t\t\t\t\t<\/div>\n\t\t\t\t<\/div>\n\t\t\t\t<\/div>\n\t\t\t\t<div class=\"elementor-element elementor-element-vlcky0e elementor-button-info elementor-align-center elementor-widget elementor-widget-button\" data-id=\"vlcky0e\" data-element_type=\"widget\" data-widget_type=\"button.default\">\n\t\t\t\t<div class=\"elementor-widget-container\">\n\t\t\t\t\t<div class=\"elementor-button-wrapper\">\n\t\t\t<a class=\"elementor-button elementor-button-link elementor-size-md elementor-animation-grow\" href=\"https:\/\/galprealpidolomiti.it\/piano-dazione-del-psl\/o2-operazioni-beneficiarie-del-sostegno-agli-investimenti-in-infrastrutture-ricreativeturistiche\/\" target=\"_blank\">\n\t\t\t\t\t\t<span class=\"elementor-button-content-wrapper\">\n\t\t\t\t\t\t<span class=\"elementor-button-text\">SCOPRI IL TARGET DA RAGGIUNGERE<\/span>\n\t\t<\/span>\n\t\t\t\t\t<\/a>\n\t\t<\/div>\n\t\t\t\t<\/div>\n\t\t\t\t<\/div>\n\t\t\t\t\t<\/div>\n\t\t<\/div>\n\t\t\t\t\t<\/div>\n\t\t<\/section>\n\t\t\t\t<div class=\"elementor-element elementor-element-9ugzrip elementor-widget elementor-widget-spacer\" data-id=\"9ugzrip\" data-element_type=\"widget\" data-widget_type=\"spacer.default\">\n\t\t\t\t<div class=\"elementor-widget-container\">\n\t\t\t\t\t<div class=\"elementor-spacer\">\n\t\t\t<div class=\"elementor-spacer-inner\"><\/div>\n\t\t<\/div>\n\t\t\t\t<\/div>\n\t\t\t\t<\/div>\n\t\t\t\t<div class=\"elementor-element elementor-element-n2e4k4v elementor-widget elementor-widget-text-editor\" data-id=\"n2e4k4v\" data-element_type=\"widget\" data-widget_type=\"text-editor.default\">\n\t\t\t\t<div class=\"elementor-widget-container\">\n\t\t\t\t\t\t\t<h2 style=\"text-align: left;\"><strong>Andamento finanziario (\u20ac)<br \/><\/strong><\/h2><h4><em>Data rilevazione:\u00a0<\/em><em><span style=\"font-weight: bold; color: #000000;\">31 12 2022<\/span><\/em><\/h4>\t\t\t\t\t\t<\/div>\n\t\t\t\t<\/div>\n\t\t\t\t\t<\/div>\n\t\t<\/div>\n\t\t\t\t\t<\/div>\n\t\t<\/section>\n\t\t\t\t<\/div>\n\t\t","protected":false},"excerpt":{"rendered":"<p>Descrizione Tipo Intervento Il tipo intervento 7.5.1 sostiene l\u2019attivazione di investimenti ed infrastrutture locali orientati al miglioramento qualitativo dell\u2019offerta turistica, integrabili con le attivit\u00e0 di ospitalit\u00e0 fornite dalle imprese, per migliorare nel complesso la fruibilit\u00e0 del territorio sotto il profilo del turismo rurale, in coerenza con la politica turistica locale e nell\u2019ottica della sostenibilit\u00e0 economica,[&#8230;..]<\/p>\n","protected":false},"author":1,"featured_media":0,"parent":0,"menu_order":7,"comment_status":"closed","ping_status":"closed","template":"","meta":{"footnotes":""},"categories":[],"tags":[],"class_list":["post-4453","page","type-page","status-publish","hentry"],"yoast_head":"<!-- This site is optimized with the Yoast SEO plugin v25.7 - https:\/\/yoast.com\/wordpress\/plugins\/seo\/ -->\n<title>I 7.5.1 - Infrastrutture e informazione per lo sviluppo del turismo sostenibile nelle aree rurali - GAL Prealpi e Dolomiti<\/title>\n<meta name=\"robots\" content=\"index, follow, max-snippet:-1, max-image-preview:large, max-video-preview:-1\" \/>\n<link rel=\"canonical\" href=\"https:\/\/galprealpidolomiti.it\/i-7-5-1-infrastrutture-e-informazione-per-lo-sviluppo-del-turismo-sostenibile-nelle-aree-rurali\/\" \/>\n<meta property=\"og:locale\" content=\"it_IT\" \/>\n<meta property=\"og:type\" content=\"article\" \/>\n<meta property=\"og:title\" content=\"I 7.5.1 - Infrastrutture e informazione per lo sviluppo del turismo sostenibile nelle aree rurali - GAL Prealpi e Dolomiti\" \/>\n<meta property=\"og:description\" content=\"Descrizione Tipo Intervento Il tipo intervento 7.5.1 sostiene l\u2019attivazione di investimenti ed infrastrutture locali orientati al miglioramento qualitativo dell\u2019offerta turistica, integrabili con le attivit\u00e0 di ospitalit\u00e0 fornite dalle imprese, per migliorare nel complesso la fruibilit\u00e0 del territorio sotto il profilo del turismo rurale, in coerenza con la politica turistica locale e nell\u2019ottica della sostenibilit\u00e0 economica,[.....]\" \/>\n<meta property=\"og:url\" content=\"https:\/\/galprealpidolomiti.it\/i-7-5-1-infrastrutture-e-informazione-per-lo-sviluppo-del-turismo-sostenibile-nelle-aree-rurali\/\" \/>\n<meta property=\"og:site_name\" content=\"GAL Prealpi e Dolomiti\" \/>\n<meta property=\"article:modified_time\" content=\"2023-02-23T15:46:08+00:00\" \/>\n<meta name=\"twitter:card\" content=\"summary_large_image\" \/>\n<meta name=\"twitter:label1\" content=\"Tempo di lettura stimato\" \/>\n\t<meta name=\"twitter:data1\" content=\"1 minuto\" \/>\n<script type=\"application\/ld+json\" class=\"yoast-schema-graph\">{\"@context\":\"https:\/\/schema.org\",\"@graph\":[{\"@type\":\"WebPage\",\"@id\":\"https:\/\/galprealpidolomiti.it\/i-7-5-1-infrastrutture-e-informazione-per-lo-sviluppo-del-turismo-sostenibile-nelle-aree-rurali\/\",\"url\":\"https:\/\/galprealpidolomiti.it\/i-7-5-1-infrastrutture-e-informazione-per-lo-sviluppo-del-turismo-sostenibile-nelle-aree-rurali\/\",\"name\":\"I 7.5.1 - Infrastrutture e informazione per lo sviluppo del turismo sostenibile nelle aree rurali - GAL Prealpi e Dolomiti\",\"isPartOf\":{\"@id\":\"https:\/\/galprealpidolomiti.it\/#website\"},\"datePublished\":\"2017-09-15T15:31:56+00:00\",\"dateModified\":\"2023-02-23T15:46:08+00:00\",\"breadcrumb\":{\"@id\":\"https:\/\/galprealpidolomiti.it\/i-7-5-1-infrastrutture-e-informazione-per-lo-sviluppo-del-turismo-sostenibile-nelle-aree-rurali\/#breadcrumb\"},\"inLanguage\":\"it-IT\",\"potentialAction\":[{\"@type\":\"ReadAction\",\"target\":[\"https:\/\/galprealpidolomiti.it\/i-7-5-1-infrastrutture-e-informazione-per-lo-sviluppo-del-turismo-sostenibile-nelle-aree-rurali\/\"]}]},{\"@type\":\"BreadcrumbList\",\"@id\":\"https:\/\/galprealpidolomiti.it\/i-7-5-1-infrastrutture-e-informazione-per-lo-sviluppo-del-turismo-sostenibile-nelle-aree-rurali\/#breadcrumb\",\"itemListElement\":[{\"@type\":\"ListItem\",\"position\":1,\"name\":\"Home\",\"item\":\"https:\/\/galprealpidolomiti.it\/\"},{\"@type\":\"ListItem\",\"position\":2,\"name\":\"I 7.5.1 &#8211; Infrastrutture e informazione per lo sviluppo del turismo sostenibile nelle aree rurali\"}]},{\"@type\":\"WebSite\",\"@id\":\"https:\/\/galprealpidolomiti.it\/#website\",\"url\":\"https:\/\/galprealpidolomiti.it\/\",\"name\":\"GAL Prealpi e Dolomiti\",\"description\":\"Gruppo di Azione Locale\",\"publisher\":{\"@id\":\"https:\/\/galprealpidolomiti.it\/#organization\"},\"potentialAction\":[{\"@type\":\"SearchAction\",\"target\":{\"@type\":\"EntryPoint\",\"urlTemplate\":\"https:\/\/galprealpidolomiti.it\/?s={search_term_string}\"},\"query-input\":{\"@type\":\"PropertyValueSpecification\",\"valueRequired\":true,\"valueName\":\"search_term_string\"}}],\"inLanguage\":\"it-IT\"},{\"@type\":\"Organization\",\"@id\":\"https:\/\/galprealpidolomiti.it\/#organization\",\"name\":\"GAL Prealpi e Dolomiti\",\"url\":\"https:\/\/galprealpidolomiti.it\/\",\"logo\":{\"@type\":\"ImageObject\",\"inLanguage\":\"it-IT\",\"@id\":\"https:\/\/galprealpidolomiti.it\/#\/schema\/logo\/image\/\",\"url\":\"https:\/\/www.galprealpidolomiti.it\/old\/wp-content\/uploads\/2020\/03\/striscia-5-loghi.png\",\"contentUrl\":\"https:\/\/www.galprealpidolomiti.it\/old\/wp-content\/uploads\/2020\/03\/striscia-5-loghi.png\",\"width\":1177,\"height\":228,\"caption\":\"GAL Prealpi e Dolomiti\"},\"image\":{\"@id\":\"https:\/\/galprealpidolomiti.it\/#\/schema\/logo\/image\/\"}}]}<\/script>\n<!-- \/ Yoast SEO plugin. -->","yoast_head_json":{"title":"I 7.5.1 - Infrastrutture e informazione per lo sviluppo del turismo sostenibile nelle aree rurali - GAL Prealpi e Dolomiti","robots":{"index":"index","follow":"follow","max-snippet":"max-snippet:-1","max-image-preview":"max-image-preview:large","max-video-preview":"max-video-preview:-1"},"canonical":"https:\/\/galprealpidolomiti.it\/i-7-5-1-infrastrutture-e-informazione-per-lo-sviluppo-del-turismo-sostenibile-nelle-aree-rurali\/","og_locale":"it_IT","og_type":"article","og_title":"I 7.5.1 - Infrastrutture e informazione per lo sviluppo del turismo sostenibile nelle aree rurali - GAL Prealpi e Dolomiti","og_description":"Descrizione Tipo Intervento Il tipo intervento 7.5.1 sostiene l\u2019attivazione di investimenti ed infrastrutture locali orientati al miglioramento qualitativo dell\u2019offerta turistica, integrabili con le attivit\u00e0 di ospitalit\u00e0 fornite dalle imprese, per migliorare nel complesso la fruibilit\u00e0 del territorio sotto il profilo del turismo rurale, in coerenza con la politica turistica locale e nell\u2019ottica della sostenibilit\u00e0 economica,[.....]","og_url":"https:\/\/galprealpidolomiti.it\/i-7-5-1-infrastrutture-e-informazione-per-lo-sviluppo-del-turismo-sostenibile-nelle-aree-rurali\/","og_site_name":"GAL Prealpi e Dolomiti","article_modified_time":"2023-02-23T15:46:08+00:00","twitter_card":"summary_large_image","twitter_misc":{"Tempo di lettura stimato":"1 minuto"},"schema":{"@context":"https:\/\/schema.org","@graph":[{"@type":"WebPage","@id":"https:\/\/galprealpidolomiti.it\/i-7-5-1-infrastrutture-e-informazione-per-lo-sviluppo-del-turismo-sostenibile-nelle-aree-rurali\/","url":"https:\/\/galprealpidolomiti.it\/i-7-5-1-infrastrutture-e-informazione-per-lo-sviluppo-del-turismo-sostenibile-nelle-aree-rurali\/","name":"I 7.5.1 - Infrastrutture e informazione per lo sviluppo del turismo sostenibile nelle aree rurali - GAL Prealpi e Dolomiti","isPartOf":{"@id":"https:\/\/galprealpidolomiti.it\/#website"},"datePublished":"2017-09-15T15:31:56+00:00","dateModified":"2023-02-23T15:46:08+00:00","breadcrumb":{"@id":"https:\/\/galprealpidolomiti.it\/i-7-5-1-infrastrutture-e-informazione-per-lo-sviluppo-del-turismo-sostenibile-nelle-aree-rurali\/#breadcrumb"},"inLanguage":"it-IT","potentialAction":[{"@type":"ReadAction","target":["https:\/\/galprealpidolomiti.it\/i-7-5-1-infrastrutture-e-informazione-per-lo-sviluppo-del-turismo-sostenibile-nelle-aree-rurali\/"]}]},{"@type":"BreadcrumbList","@id":"https:\/\/galprealpidolomiti.it\/i-7-5-1-infrastrutture-e-informazione-per-lo-sviluppo-del-turismo-sostenibile-nelle-aree-rurali\/#breadcrumb","itemListElement":[{"@type":"ListItem","position":1,"name":"Home","item":"https:\/\/galprealpidolomiti.it\/"},{"@type":"ListItem","position":2,"name":"I 7.5.1 &#8211; Infrastrutture e informazione per lo sviluppo del turismo sostenibile nelle aree rurali"}]},{"@type":"WebSite","@id":"https:\/\/galprealpidolomiti.it\/#website","url":"https:\/\/galprealpidolomiti.it\/","name":"GAL Prealpi e Dolomiti","description":"Gruppo di Azione Locale","publisher":{"@id":"https:\/\/galprealpidolomiti.it\/#organization"},"potentialAction":[{"@type":"SearchAction","target":{"@type":"EntryPoint","urlTemplate":"https:\/\/galprealpidolomiti.it\/?s={search_term_string}"},"query-input":{"@type":"PropertyValueSpecification","valueRequired":true,"valueName":"search_term_string"}}],"inLanguage":"it-IT"},{"@type":"Organization","@id":"https:\/\/galprealpidolomiti.it\/#organization","name":"GAL Prealpi e Dolomiti","url":"https:\/\/galprealpidolomiti.it\/","logo":{"@type":"ImageObject","inLanguage":"it-IT","@id":"https:\/\/galprealpidolomiti.it\/#\/schema\/logo\/image\/","url":"https:\/\/www.galprealpidolomiti.it\/old\/wp-content\/uploads\/2020\/03\/striscia-5-loghi.png","contentUrl":"https:\/\/www.galprealpidolomiti.it\/old\/wp-content\/uploads\/2020\/03\/striscia-5-loghi.png","width":1177,"height":228,"caption":"GAL Prealpi e Dolomiti"},"image":{"@id":"https:\/\/galprealpidolomiti.it\/#\/schema\/logo\/image\/"}}]}},"_links":{"self":[{"href":"https:\/\/www.galprealpidolomiti.it\/old\/wp-json\/wp\/v2\/pages\/4453","targetHints":{"allow":["GET"]}}],"collection":[{"href":"https:\/\/www.galprealpidolomiti.it\/old\/wp-json\/wp\/v2\/pages"}],"about":[{"href":"https:\/\/www.galprealpidolomiti.it\/old\/wp-json\/wp\/v2\/types\/page"}],"author":[{"embeddable":true,"href":"https:\/\/www.galprealpidolomiti.it\/old\/wp-json\/wp\/v2\/users\/1"}],"replies":[{"embeddable":true,"href":"https:\/\/www.galprealpidolomiti.it\/old\/wp-json\/wp\/v2\/comments?post=4453"}],"version-history":[{"count":25,"href":"https:\/\/www.galprealpidolomiti.it\/old\/wp-json\/wp\/v2\/pages\/4453\/revisions"}],"predecessor-version":[{"id":18876,"href":"https:\/\/www.galprealpidolomiti.it\/old\/wp-json\/wp\/v2\/pages\/4453\/revisions\/18876"}],"wp:attachment":[{"href":"https:\/\/www.galprealpidolomiti.it\/old\/wp-json\/wp\/v2\/media?parent=4453"}],"wp:term":[{"taxonomy":"category","embeddable":true,"href":"https:\/\/www.galprealpidolomiti.it\/old\/wp-json\/wp\/v2\/categories?post=4453"},{"taxonomy":"post_tag","embeddable":true,"href":"https:\/\/www.galprealpidolomiti.it\/old\/wp-json\/wp\/v2\/tags?post=4453"}],"curies":[{"name":"wp","href":"https:\/\/api.w.org\/{rel}","templated":true}]}}