{"id":4451,"date":"2017-09-15T17:31:56","date_gmt":"2017-09-15T15:31:56","guid":{"rendered":"https:\/\/galprealpidolomiti.it\/i-6-4-1-creazione-e-sviluppo-della-diversificazione-delle-imprese-agricole\/"},"modified":"2023-10-18T10:55:45","modified_gmt":"2023-10-18T08:55:45","slug":"i-6-4-1-creazione-e-sviluppo-della-diversificazione-delle-imprese-agricole","status":"publish","type":"page","link":"https:\/\/www.galprealpidolomiti.it\/old\/i-6-4-1-creazione-e-sviluppo-della-diversificazione-delle-imprese-agricole\/","title":{"rendered":"I 6.4.1 &#8211; Creazione e sviluppo della diversificazione delle imprese agricole"},"content":{"rendered":"\t\t<div data-elementor-type=\"wp-post\" data-elementor-id=\"4451\" class=\"elementor elementor-4451\" data-elementor-post-type=\"page\">\n\t\t\t\t\t\t<section class=\"elementor-section elementor-top-section elementor-element elementor-element-f4i2b6z elementor-section-boxed elementor-section-height-default elementor-section-height-default\" data-id=\"f4i2b6z\" data-element_type=\"section\" data-settings=\"{&quot;jet_parallax_layout_list&quot;:[]}\">\n\t\t\t\t\t\t<div class=\"elementor-container elementor-column-gap-default\">\n\t\t\t\t\t<div class=\"elementor-column elementor-col-100 elementor-top-column elementor-element elementor-element-fgcyfgt\" data-id=\"fgcyfgt\" data-element_type=\"column\">\n\t\t\t<div class=\"elementor-widget-wrap elementor-element-populated\">\n\t\t\t\t\t\t<div class=\"elementor-element elementor-element-160m28n elementor-widget elementor-widget-text-editor\" data-id=\"160m28n\" data-element_type=\"widget\" data-widget_type=\"text-editor.default\">\n\t\t\t\t<div class=\"elementor-widget-container\">\n\t\t\t\t\t\t\t<h2><strong>Descrizione Tipo Intervento<\/strong><\/h2><p>Il tipo di intervento 6.4.1 sostiene gli investimenti finalizzati alla diversificazione delle attivit\u00e0 e delle funzioni svolte dall\u2019impresa agricola in attivit\u00e0 extra agricole. Lo sviluppo della multifunzionalit\u00e0 delle imprese agricole e la possibilit\u00e0 di indirizzarne l\u2019operativit\u00e0 verso attivit\u00e0 non agricole con il progressivo ampliamento delle funzioni sociali, turistiche e produttive, permette la promozione di uno <strong>uno sviluppo economico diversificato<\/strong>, il miglioramento della redditivit\u00e0 e il mantenimento ed il consolidamento della loro funzione di presidio e di integrazione socio-economica nell\u2019ambito di tutto il territorio del GAL.<\/p>\t\t\t\t\t\t<\/div>\n\t\t\t\t<\/div>\n\t\t\t\t<section class=\"elementor-section elementor-inner-section elementor-element elementor-element-r0hk1rw elementor-section-boxed elementor-section-height-default elementor-section-height-default\" data-id=\"r0hk1rw\" data-element_type=\"section\" data-settings=\"{&quot;jet_parallax_layout_list&quot;:[]}\">\n\t\t\t\t\t\t<div class=\"elementor-container elementor-column-gap-default\">\n\t\t\t\t\t<div class=\"elementor-column elementor-col-33 elementor-inner-column elementor-element elementor-element-zri9mrz\" data-id=\"zri9mrz\" data-element_type=\"column\">\n\t\t\t<div class=\"elementor-widget-wrap elementor-element-populated\">\n\t\t\t\t\t\t<div class=\"elementor-element elementor-element-hkkuvly elementor-widget elementor-widget-text-editor\" data-id=\"hkkuvly\" data-element_type=\"widget\" data-widget_type=\"text-editor.default\">\n\t\t\t\t<div class=\"elementor-widget-container\">\n\t\t\t\t\t\t\t<h2><strong>Domande finanziate<br \/><\/strong><\/h2><h4><em>Data rilevazione:\u00a0<\/em><em><span style=\"font-weight: bold; color: #000000;\">30 09 2023<\/span><\/em><\/h4>\t\t\t\t\t\t<\/div>\n\t\t\t\t<\/div>\n\t\t\t\t\t<\/div>\n\t\t<\/div>\n\t\t\t\t<div class=\"elementor-column elementor-col-66 elementor-inner-column elementor-element elementor-element-klt96a3\" data-id=\"klt96a3\" data-element_type=\"column\">\n\t\t\t<div class=\"elementor-widget-wrap elementor-element-populated\">\n\t\t\t\t\t\t<div class=\"elementor-element elementor-element-bnbletk elementor-widget elementor-widget-counter\" data-id=\"bnbletk\" data-element_type=\"widget\" data-widget_type=\"counter.default\">\n\t\t\t\t<div class=\"elementor-widget-container\">\n\t\t\t\t\t<div class=\"elementor-counter\">\n\t\t\t<div class=\"elementor-counter-number-wrapper\">\n\t\t\t\t<span class=\"elementor-counter-number-prefix\">n.<\/span>\n\t\t\t\t<span class=\"elementor-counter-number\" data-duration=\"2000\" data-to-value=\"16\" data-from-value=\"\" data-delimiter=\",\"><\/span>\n\t\t\t\t<span class=\"elementor-counter-number-suffix\"><\/span>\n\t\t\t<\/div>\n\t\t\t\t\t<\/div>\n\t\t\t\t<\/div>\n\t\t\t\t<\/div>\n\t\t\t\t<div class=\"elementor-element elementor-element-hzl84nu elementor-button-info elementor-align-center elementor-widget elementor-widget-button\" data-id=\"hzl84nu\" data-element_type=\"widget\" data-widget_type=\"button.default\">\n\t\t\t\t<div class=\"elementor-widget-container\">\n\t\t\t\t\t<div class=\"elementor-button-wrapper\">\n\t\t\t<a class=\"elementor-button elementor-button-link elementor-size-md elementor-animation-grow\" href=\"https:\/\/galprealpidolomiti.it\/piano-dazione-del-psl\/o4-aziende-agricole-che-percepiscono-aiuti-per-lavviamentosostegno-agli-investimenti-per-attivita-non-agricole-nelle-zone-rurali\/\" target=\"_blank\">\n\t\t\t\t\t\t<span class=\"elementor-button-content-wrapper\">\n\t\t\t\t\t\t<span class=\"elementor-button-text\">SCOPRI IL TARGET DA RAGGIUNGERE<\/span>\n\t\t<\/span>\n\t\t\t\t\t<\/a>\n\t\t<\/div>\n\t\t\t\t<\/div>\n\t\t\t\t<\/div>\n\t\t\t\t\t<\/div>\n\t\t<\/div>\n\t\t\t\t\t<\/div>\n\t\t<\/section>\n\t\t\t\t<div class=\"elementor-element elementor-element-az6v2gj elementor-widget elementor-widget-spacer\" data-id=\"az6v2gj\" data-element_type=\"widget\" data-widget_type=\"spacer.default\">\n\t\t\t\t<div class=\"elementor-widget-container\">\n\t\t\t\t\t<div class=\"elementor-spacer\">\n\t\t\t<div class=\"elementor-spacer-inner\"><\/div>\n\t\t<\/div>\n\t\t\t\t<\/div>\n\t\t\t\t<\/div>\n\t\t\t\t<div class=\"elementor-element elementor-element-zoedrkz elementor-widget elementor-widget-text-editor\" data-id=\"zoedrkz\" data-element_type=\"widget\" data-widget_type=\"text-editor.default\">\n\t\t\t\t<div class=\"elementor-widget-container\">\n\t\t\t\t\t\t\t<h2><strong>Andamento finanziario (\u20ac)<br \/><\/strong><\/h2><h4><em>Data rilevazione: <strong>30 09 2023<\/strong><\/em><\/h4>\t\t\t\t\t\t<\/div>\n\t\t\t\t<\/div>\n\t\t\t\t\t<\/div>\n\t\t<\/div>\n\t\t\t\t\t<\/div>\n\t\t<\/section>\n\t\t\t\t<\/div>\n\t\t","protected":false},"excerpt":{"rendered":"<p>Descrizione Tipo Intervento Il tipo di intervento 6.4.1 sostiene gli investimenti finalizzati alla diversificazione delle attivit\u00e0 e delle funzioni svolte dall\u2019impresa agricola in attivit\u00e0 extra agricole. Lo sviluppo della multifunzionalit\u00e0 delle imprese agricole e la possibilit\u00e0 di indirizzarne l\u2019operativit\u00e0 verso attivit\u00e0 non agricole con il progressivo ampliamento delle funzioni sociali, turistiche e produttive, permette la[&#8230;..]<\/p>\n","protected":false},"author":1,"featured_media":0,"parent":0,"menu_order":5,"comment_status":"closed","ping_status":"closed","template":"","meta":{"footnotes":""},"categories":[],"tags":[],"class_list":["post-4451","page","type-page","status-publish","hentry"],"yoast_head":"<!-- This site is optimized with the Yoast SEO plugin v25.7 - https:\/\/yoast.com\/wordpress\/plugins\/seo\/ -->\n<title>I 6.4.1 - Creazione e sviluppo della diversificazione delle imprese agricole - GAL Prealpi e Dolomiti<\/title>\n<meta name=\"robots\" content=\"index, follow, max-snippet:-1, max-image-preview:large, max-video-preview:-1\" \/>\n<link rel=\"canonical\" href=\"https:\/\/galprealpidolomiti.it\/i-6-4-1-creazione-e-sviluppo-della-diversificazione-delle-imprese-agricole\/\" \/>\n<meta property=\"og:locale\" content=\"it_IT\" \/>\n<meta property=\"og:type\" content=\"article\" \/>\n<meta property=\"og:title\" content=\"I 6.4.1 - Creazione e sviluppo della diversificazione delle imprese agricole - GAL Prealpi e Dolomiti\" \/>\n<meta property=\"og:description\" content=\"Descrizione Tipo Intervento Il tipo di intervento 6.4.1 sostiene gli investimenti finalizzati alla diversificazione delle attivit\u00e0 e delle funzioni svolte dall\u2019impresa agricola in attivit\u00e0 extra agricole. Lo sviluppo della multifunzionalit\u00e0 delle imprese agricole e la possibilit\u00e0 di indirizzarne l\u2019operativit\u00e0 verso attivit\u00e0 non agricole con il progressivo ampliamento delle funzioni sociali, turistiche e produttive, permette la[.....]\" \/>\n<meta property=\"og:url\" content=\"https:\/\/galprealpidolomiti.it\/i-6-4-1-creazione-e-sviluppo-della-diversificazione-delle-imprese-agricole\/\" \/>\n<meta property=\"og:site_name\" content=\"GAL Prealpi e Dolomiti\" \/>\n<meta property=\"article:modified_time\" content=\"2023-10-18T08:55:45+00:00\" \/>\n<meta name=\"twitter:card\" content=\"summary_large_image\" \/>\n<meta name=\"twitter:label1\" content=\"Tempo di lettura stimato\" \/>\n\t<meta name=\"twitter:data1\" content=\"1 minuto\" \/>\n<script type=\"application\/ld+json\" class=\"yoast-schema-graph\">{\"@context\":\"https:\/\/schema.org\",\"@graph\":[{\"@type\":\"WebPage\",\"@id\":\"https:\/\/galprealpidolomiti.it\/i-6-4-1-creazione-e-sviluppo-della-diversificazione-delle-imprese-agricole\/\",\"url\":\"https:\/\/galprealpidolomiti.it\/i-6-4-1-creazione-e-sviluppo-della-diversificazione-delle-imprese-agricole\/\",\"name\":\"I 6.4.1 - Creazione e sviluppo della diversificazione delle imprese agricole - GAL Prealpi e Dolomiti\",\"isPartOf\":{\"@id\":\"https:\/\/galprealpidolomiti.it\/#website\"},\"datePublished\":\"2017-09-15T15:31:56+00:00\",\"dateModified\":\"2023-10-18T08:55:45+00:00\",\"breadcrumb\":{\"@id\":\"https:\/\/galprealpidolomiti.it\/i-6-4-1-creazione-e-sviluppo-della-diversificazione-delle-imprese-agricole\/#breadcrumb\"},\"inLanguage\":\"it-IT\",\"potentialAction\":[{\"@type\":\"ReadAction\",\"target\":[\"https:\/\/galprealpidolomiti.it\/i-6-4-1-creazione-e-sviluppo-della-diversificazione-delle-imprese-agricole\/\"]}]},{\"@type\":\"BreadcrumbList\",\"@id\":\"https:\/\/galprealpidolomiti.it\/i-6-4-1-creazione-e-sviluppo-della-diversificazione-delle-imprese-agricole\/#breadcrumb\",\"itemListElement\":[{\"@type\":\"ListItem\",\"position\":1,\"name\":\"Home\",\"item\":\"https:\/\/galprealpidolomiti.it\/\"},{\"@type\":\"ListItem\",\"position\":2,\"name\":\"I 6.4.1 &#8211; Creazione e sviluppo della diversificazione delle imprese agricole\"}]},{\"@type\":\"WebSite\",\"@id\":\"https:\/\/galprealpidolomiti.it\/#website\",\"url\":\"https:\/\/galprealpidolomiti.it\/\",\"name\":\"GAL Prealpi e Dolomiti\",\"description\":\"Gruppo di Azione Locale\",\"publisher\":{\"@id\":\"https:\/\/galprealpidolomiti.it\/#organization\"},\"potentialAction\":[{\"@type\":\"SearchAction\",\"target\":{\"@type\":\"EntryPoint\",\"urlTemplate\":\"https:\/\/galprealpidolomiti.it\/?s={search_term_string}\"},\"query-input\":{\"@type\":\"PropertyValueSpecification\",\"valueRequired\":true,\"valueName\":\"search_term_string\"}}],\"inLanguage\":\"it-IT\"},{\"@type\":\"Organization\",\"@id\":\"https:\/\/galprealpidolomiti.it\/#organization\",\"name\":\"GAL Prealpi e Dolomiti\",\"url\":\"https:\/\/galprealpidolomiti.it\/\",\"logo\":{\"@type\":\"ImageObject\",\"inLanguage\":\"it-IT\",\"@id\":\"https:\/\/galprealpidolomiti.it\/#\/schema\/logo\/image\/\",\"url\":\"https:\/\/www.galprealpidolomiti.it\/old\/wp-content\/uploads\/2020\/03\/striscia-5-loghi.png\",\"contentUrl\":\"https:\/\/www.galprealpidolomiti.it\/old\/wp-content\/uploads\/2020\/03\/striscia-5-loghi.png\",\"width\":1177,\"height\":228,\"caption\":\"GAL Prealpi e Dolomiti\"},\"image\":{\"@id\":\"https:\/\/galprealpidolomiti.it\/#\/schema\/logo\/image\/\"}}]}<\/script>\n<!-- \/ Yoast SEO plugin. -->","yoast_head_json":{"title":"I 6.4.1 - Creazione e sviluppo della diversificazione delle imprese agricole - GAL Prealpi e Dolomiti","robots":{"index":"index","follow":"follow","max-snippet":"max-snippet:-1","max-image-preview":"max-image-preview:large","max-video-preview":"max-video-preview:-1"},"canonical":"https:\/\/galprealpidolomiti.it\/i-6-4-1-creazione-e-sviluppo-della-diversificazione-delle-imprese-agricole\/","og_locale":"it_IT","og_type":"article","og_title":"I 6.4.1 - Creazione e sviluppo della diversificazione delle imprese agricole - GAL Prealpi e Dolomiti","og_description":"Descrizione Tipo Intervento Il tipo di intervento 6.4.1 sostiene gli investimenti finalizzati alla diversificazione delle attivit\u00e0 e delle funzioni svolte dall\u2019impresa agricola in attivit\u00e0 extra agricole. Lo sviluppo della multifunzionalit\u00e0 delle imprese agricole e la possibilit\u00e0 di indirizzarne l\u2019operativit\u00e0 verso attivit\u00e0 non agricole con il progressivo ampliamento delle funzioni sociali, turistiche e produttive, permette la[.....]","og_url":"https:\/\/galprealpidolomiti.it\/i-6-4-1-creazione-e-sviluppo-della-diversificazione-delle-imprese-agricole\/","og_site_name":"GAL Prealpi e Dolomiti","article_modified_time":"2023-10-18T08:55:45+00:00","twitter_card":"summary_large_image","twitter_misc":{"Tempo di lettura stimato":"1 minuto"},"schema":{"@context":"https:\/\/schema.org","@graph":[{"@type":"WebPage","@id":"https:\/\/galprealpidolomiti.it\/i-6-4-1-creazione-e-sviluppo-della-diversificazione-delle-imprese-agricole\/","url":"https:\/\/galprealpidolomiti.it\/i-6-4-1-creazione-e-sviluppo-della-diversificazione-delle-imprese-agricole\/","name":"I 6.4.1 - Creazione e sviluppo della diversificazione delle imprese agricole - GAL Prealpi e Dolomiti","isPartOf":{"@id":"https:\/\/galprealpidolomiti.it\/#website"},"datePublished":"2017-09-15T15:31:56+00:00","dateModified":"2023-10-18T08:55:45+00:00","breadcrumb":{"@id":"https:\/\/galprealpidolomiti.it\/i-6-4-1-creazione-e-sviluppo-della-diversificazione-delle-imprese-agricole\/#breadcrumb"},"inLanguage":"it-IT","potentialAction":[{"@type":"ReadAction","target":["https:\/\/galprealpidolomiti.it\/i-6-4-1-creazione-e-sviluppo-della-diversificazione-delle-imprese-agricole\/"]}]},{"@type":"BreadcrumbList","@id":"https:\/\/galprealpidolomiti.it\/i-6-4-1-creazione-e-sviluppo-della-diversificazione-delle-imprese-agricole\/#breadcrumb","itemListElement":[{"@type":"ListItem","position":1,"name":"Home","item":"https:\/\/galprealpidolomiti.it\/"},{"@type":"ListItem","position":2,"name":"I 6.4.1 &#8211; Creazione e sviluppo della diversificazione delle imprese agricole"}]},{"@type":"WebSite","@id":"https:\/\/galprealpidolomiti.it\/#website","url":"https:\/\/galprealpidolomiti.it\/","name":"GAL Prealpi e Dolomiti","description":"Gruppo di Azione Locale","publisher":{"@id":"https:\/\/galprealpidolomiti.it\/#organization"},"potentialAction":[{"@type":"SearchAction","target":{"@type":"EntryPoint","urlTemplate":"https:\/\/galprealpidolomiti.it\/?s={search_term_string}"},"query-input":{"@type":"PropertyValueSpecification","valueRequired":true,"valueName":"search_term_string"}}],"inLanguage":"it-IT"},{"@type":"Organization","@id":"https:\/\/galprealpidolomiti.it\/#organization","name":"GAL Prealpi e Dolomiti","url":"https:\/\/galprealpidolomiti.it\/","logo":{"@type":"ImageObject","inLanguage":"it-IT","@id":"https:\/\/galprealpidolomiti.it\/#\/schema\/logo\/image\/","url":"https:\/\/www.galprealpidolomiti.it\/old\/wp-content\/uploads\/2020\/03\/striscia-5-loghi.png","contentUrl":"https:\/\/www.galprealpidolomiti.it\/old\/wp-content\/uploads\/2020\/03\/striscia-5-loghi.png","width":1177,"height":228,"caption":"GAL Prealpi e Dolomiti"},"image":{"@id":"https:\/\/galprealpidolomiti.it\/#\/schema\/logo\/image\/"}}]}},"_links":{"self":[{"href":"https:\/\/www.galprealpidolomiti.it\/old\/wp-json\/wp\/v2\/pages\/4451","targetHints":{"allow":["GET"]}}],"collection":[{"href":"https:\/\/www.galprealpidolomiti.it\/old\/wp-json\/wp\/v2\/pages"}],"about":[{"href":"https:\/\/www.galprealpidolomiti.it\/old\/wp-json\/wp\/v2\/types\/page"}],"author":[{"embeddable":true,"href":"https:\/\/www.galprealpidolomiti.it\/old\/wp-json\/wp\/v2\/users\/1"}],"replies":[{"embeddable":true,"href":"https:\/\/www.galprealpidolomiti.it\/old\/wp-json\/wp\/v2\/comments?post=4451"}],"version-history":[{"count":15,"href":"https:\/\/www.galprealpidolomiti.it\/old\/wp-json\/wp\/v2\/pages\/4451\/revisions"}],"predecessor-version":[{"id":21586,"href":"https:\/\/www.galprealpidolomiti.it\/old\/wp-json\/wp\/v2\/pages\/4451\/revisions\/21586"}],"wp:attachment":[{"href":"https:\/\/www.galprealpidolomiti.it\/old\/wp-json\/wp\/v2\/media?parent=4451"}],"wp:term":[{"taxonomy":"category","embeddable":true,"href":"https:\/\/www.galprealpidolomiti.it\/old\/wp-json\/wp\/v2\/categories?post=4451"},{"taxonomy":"post_tag","embeddable":true,"href":"https:\/\/www.galprealpidolomiti.it\/old\/wp-json\/wp\/v2\/tags?post=4451"}],"curies":[{"name":"wp","href":"https:\/\/api.w.org\/{rel}","templated":true}]}}