{"id":26216,"date":"2025-02-24T11:55:16","date_gmt":"2025-02-24T10:55:16","guid":{"rendered":"https:\/\/galprealpidolomiti.it\/?page_id=26216"},"modified":"2025-09-30T10:15:34","modified_gmt":"2025-09-30T08:15:34","slug":"equalit-a-empowering-communities-for-gender-equity-enhanced-quality-of-governance-in-italy-and-austria","status":"publish","type":"page","link":"https:\/\/www.galprealpidolomiti.it\/old\/equalit-a-empowering-communities-for-gender-equity-enhanced-quality-of-governance-in-italy-and-austria\/","title":{"rendered":"Interreg VI-A Italia-Austria 2021-2027"},"content":{"rendered":"\t\t<div data-elementor-type=\"wp-page\" data-elementor-id=\"26216\" class=\"elementor elementor-26216\" data-elementor-post-type=\"page\">\n\t\t\t\t\t\t<section class=\"elementor-section elementor-top-section elementor-element elementor-element-5cc10d90 elementor-section-boxed elementor-section-height-default elementor-section-height-default\" data-id=\"5cc10d90\" data-element_type=\"section\" data-settings=\"{&quot;jet_parallax_layout_list&quot;:[]}\">\n\t\t\t\t\t\t<div class=\"elementor-container elementor-column-gap-default\">\n\t\t\t\t\t<div class=\"elementor-column elementor-col-100 elementor-top-column elementor-element elementor-element-427a6b50\" data-id=\"427a6b50\" data-element_type=\"column\">\n\t\t\t<div class=\"elementor-widget-wrap elementor-element-populated\">\n\t\t\t\t\t\t<div class=\"elementor-element elementor-element-1f5eaf42 elementor-widget elementor-widget-text-editor\" data-id=\"1f5eaf42\" data-element_type=\"widget\" data-widget_type=\"text-editor.default\">\n\t\t\t\t<div class=\"elementor-widget-container\">\n\t\t\t\t\t\t\t<p><img decoding=\"async\" class=\"aligncenter size-full wp-image-26218\" src=\"https:\/\/galprealpidolomiti.it\/wp-content\/uploads\/2025\/02\/logo-1.png\" alt=\"\" width=\"382\" height=\"124\" srcset=\"https:\/\/www.galprealpidolomiti.it\/old\/wp-content\/uploads\/2025\/02\/logo-1.png 382w, https:\/\/www.galprealpidolomiti.it\/old\/wp-content\/uploads\/2025\/02\/logo-1-300x97.png 300w\" sizes=\"(max-width: 382px) 100vw, 382px\" \/><\/p>\n<p>Il Progetto EQUALIT-A\u2019 si pone l\u2019obiettivo di colmare l\u2019assenza di una <strong>governance transfrontaliera sul tema della parit\u00e0 di genere<\/strong>. Il progetto infatti promuove comuni standard e strumenti (ad oggi assenti) al fine di garantire il principio di parit\u00e0 di genere specialmente nelle aree rurali&nbsp; e montane.<\/p>\n<p>Grazie all\u2019istituzione di un tavolo permanente transfrontaliero sulla parit\u00e0 di genere e alla creazione di un documento strategico di lungo periodo, potenzialmente estendibile a tutta l\u2019area di programma, saranno promosse iniziative di innovazione sociale a favore dell\u2019ambito pubblico, privato e della societ\u00e0 civile. La strategia sar\u00e0 redatta partendo da una solida analisi sullo status quo dei territori e attraverso un approccio innovativo partecipativo basato sugli studi di futuro. La seconda parte del progetto prevede l&#8217;implementazione di alcune azioni pilota sviluppate congiuntamente tra i territori, coerenti con quanto descritto nel documento: azioni volte a favorire il rafforzamento del ruolo delle donne nel mondo del lavoro e all\u2019interno delle imprese, il supporto agli enti pubblici e alle loro commissioni pari opportunit\u00e0 per sviluppare nuovi progetti e la creazione di una rete transfrontaliera di donne che vivono in contesti rurali.<\/p>\n<p class=\"whitespace-normal break-words\"><em>Das Projekt EQUALIT-A&#8217; hat das Ziel, das Fehlen einer <strong>grenz\u00fcberschreitenden Governance zum Thema Geschlechtergleichstellung<\/strong> zu beheben. Das Projekt f\u00f6rdert gemeinsame Standards und Instrumente (die bisher fehlen), um das Prinzip der Geschlechtergleichstellung insbesondere in l\u00e4ndlichen und bergigen Gebieten zu gew\u00e4hrleisten.<\/em><\/p>\n<p class=\"whitespace-normal break-words\"><em>Durch die Einrichtung eines permanenten grenz\u00fcberschreitenden Runden Tisches zur Geschlechtergleichstellung und die Erstellung eines strategischen Langzeitdokuments, das potenziell auf das gesamte Programmgebiet ausgeweitet werden kann, werden Initiativen zur sozialen Innovation zugunsten des \u00f6ffentlichen und privaten Bereichs sowie der Zivilgesellschaft gef\u00f6rdert. Die Strategie wird auf der Grundlage einer soliden Analyse des Status quo der Gebiete und durch einen innovativen partizipativen Ansatz auf Basis von Zukunftsstudien entwickelt. Der zweite Teil des Projekts sieht die Umsetzung einiger Pilotaktionen vor, die gemeinsam zwischen den Gebieten entwickelt werden und mit dem im Dokument Beschriebenen \u00fcbereinstimmen: Aktionen zur St\u00e4rkung der Rolle der Frauen in der Arbeitswelt und in Unternehmen, zur Unterst\u00fctzung \u00f6ffentlicher Einrichtungen und ihrer Gleichstellungskommissionen bei der Entwicklung neuer Projekte und zur Schaffung eines grenz\u00fcberschreitenden Netzwerks von Frauen, die in l\u00e4ndlichen Kontexten leben.<\/em><\/p>\n<h3><span style=\"color: #3366ff;\"><strong>Programma di riferimento<\/strong><\/span><\/h3>\n<p><strong>Programma di Cooperazione transfrontaliera Interreg VI-A Italia-Austria 2021-2027<\/strong> \u2013 Second call<\/p>\n<p><strong>Priorit\u00e0: 5<\/strong>&nbsp;\u2013 Riduzione ostacoli transfrontalieri<\/p>\n<p><strong>Obiettivo specifico: RSO6.2<\/strong>&nbsp;\u2013 Il potenziamento di una amministrazione pubblica efficiente mediante la promozione della cooperazione giuridica e amministrativa e della cooperazione fra cittadini, attori della societ\u00e0 civile e istituzioni, in particolare con l\u2019intento di eliminare gli ostacoli di tipo giuridico e di altro tipo nelle regioni transfrontaliere<\/p>\n<p><strong>Codice progetto: ITAT-62-005<\/strong><\/p>\n<h3><span style=\"color: #3366ff;\"><strong>Partner di progetto<\/strong><\/span><\/h3>\n<h3><a href=\"https:\/\/galprealpidolomiti.it\/equalit-a-empowering-communities-for-gender-equity-enhanced-quality-of-governance-in-italy-and-austria\/screenshot-2025-09-01-085852\/\" rel=\"attachment wp-att-28432\"><img fetchpriority=\"high\" decoding=\"async\" class=\"size-full wp-image-28432 alignleft\" src=\"https:\/\/galprealpidolomiti.it\/wp-content\/uploads\/2025\/09\/Screenshot-2025-09-01-085852.png\" alt=\"\" width=\"761\" height=\"226\" srcset=\"https:\/\/www.galprealpidolomiti.it\/old\/wp-content\/uploads\/2025\/09\/Screenshot-2025-09-01-085852.png 761w, https:\/\/www.galprealpidolomiti.it\/old\/wp-content\/uploads\/2025\/09\/Screenshot-2025-09-01-085852-300x89.png 300w\" sizes=\"(max-width: 761px) 100vw, 761px\" \/><\/a><\/h3>\n<p><\/p>\n<h3>&nbsp;<strong>Partner associati<\/strong><\/h3>\n<h3><a href=\"https:\/\/galprealpidolomiti.it\/equalit-a-empowering-communities-for-gender-equity-enhanced-quality-of-governance-in-italy-and-austria\/screenshot-2025-09-01-085904-2\/\" rel=\"attachment wp-att-28435\"><img decoding=\"async\" class=\"size-full wp-image-28435 alignleft\" src=\"https:\/\/galprealpidolomiti.it\/wp-content\/uploads\/2025\/09\/Screenshot-2025-09-01-085904-1.png\" alt=\"\" width=\"725\" height=\"100\" srcset=\"https:\/\/www.galprealpidolomiti.it\/old\/wp-content\/uploads\/2025\/09\/Screenshot-2025-09-01-085904-1.png 725w, https:\/\/www.galprealpidolomiti.it\/old\/wp-content\/uploads\/2025\/09\/Screenshot-2025-09-01-085904-1-300x41.png 300w\" sizes=\"(max-width: 725px) 100vw, 725px\" \/><\/a><\/h3>\n<p><\/p>\n<h3>&nbsp;<\/h3>\n<h3><strong>Durata<\/strong><\/h3>\n<p>Progetto avviato il&nbsp;<strong>01\/02\/2025<\/strong>&nbsp;e termine previsto il&nbsp;<strong>01\/02\/2027<\/strong><\/p>\n<h3><span style=\"color: #3366ff;\"><strong>Valore complessivo del progetto <\/strong><\/span><\/h3>\n<p><strong>532.809,10 \u20ac <\/strong>(di cui&nbsp;Finanziamento UE 426.247,28 \u20ac)<\/p>\t\t\t\t\t\t<\/div>\n\t\t\t\t<\/div>\n\t\t\t\t\t<\/div>\n\t\t<\/div>\n\t\t\t\t\t<\/div>\n\t\t<\/section>\n\t\t\t\t<section class=\"elementor-section elementor-top-section elementor-element elementor-element-7e18e9c elementor-section-boxed elementor-section-height-default elementor-section-height-default\" data-id=\"7e18e9c\" data-element_type=\"section\" data-settings=\"{&quot;jet_parallax_layout_list&quot;:[]}\">\n\t\t\t\t\t\t<div class=\"elementor-container elementor-column-gap-default\">\n\t\t\t\t\t<div class=\"elementor-column elementor-col-100 elementor-top-column elementor-element elementor-element-ce92704\" data-id=\"ce92704\" data-element_type=\"column\">\n\t\t\t<div class=\"elementor-widget-wrap elementor-element-populated\">\n\t\t\t\t\t\t<div class=\"elementor-element elementor-element-62e6f3b elementor-widget elementor-widget-gallery\" data-id=\"62e6f3b\" data-element_type=\"widget\" data-settings=\"{&quot;lazyload&quot;:&quot;yes&quot;,&quot;gallery_layout&quot;:&quot;grid&quot;,&quot;columns&quot;:4,&quot;columns_tablet&quot;:2,&quot;columns_mobile&quot;:1,&quot;gap&quot;:{&quot;unit&quot;:&quot;px&quot;,&quot;size&quot;:10,&quot;sizes&quot;:[]},&quot;gap_tablet&quot;:{&quot;unit&quot;:&quot;px&quot;,&quot;size&quot;:10,&quot;sizes&quot;:[]},&quot;gap_mobile&quot;:{&quot;unit&quot;:&quot;px&quot;,&quot;size&quot;:10,&quot;sizes&quot;:[]},&quot;link_to&quot;:&quot;file&quot;,&quot;aspect_ratio&quot;:&quot;3:2&quot;,&quot;overlay_background&quot;:&quot;yes&quot;,&quot;content_hover_animation&quot;:&quot;fade-in&quot;}\" data-widget_type=\"gallery.default\">\n\t\t\t\t<div class=\"elementor-widget-container\">\n\t\t\t\t\t<div class=\"elementor-gallery__container\">\n\t\t\t\t\t\t\t<a class=\"e-gallery-item elementor-gallery-item elementor-animated-content\" href=\"https:\/\/www.galprealpidolomiti.it\/old\/wp-content\/uploads\/2025\/09\/WhatsApp-Image-2025-09-26-at-08.11.37.jpeg\" data-elementor-open-lightbox=\"yes\" data-elementor-lightbox-slideshow=\"62e6f3b\" data-elementor-lightbox-title=\"WhatsApp Image 2025-09-26 at 08.11.37\" data-e-action-hash=\"#elementor-action%3Aaction%3Dlightbox%26settings%3DeyJpZCI6Mjg3NTAsInVybCI6Imh0dHBzOlwvXC93d3cuZ2FscHJlYWxwaWRvbG9taXRpLml0XC9vbGRcL3dwLWNvbnRlbnRcL3VwbG9hZHNcLzIwMjVcLzA5XC9XaGF0c0FwcC1JbWFnZS0yMDI1LTA5LTI2LWF0LTA4LjExLjM3LmpwZWciLCJzbGlkZXNob3ciOiI2MmU2ZjNiIn0%3D\">\n\t\t\t\t\t<div class=\"e-gallery-image elementor-gallery-item__image\" data-thumbnail=\"https:\/\/www.galprealpidolomiti.it\/old\/wp-content\/uploads\/2025\/09\/WhatsApp-Image-2025-09-26-at-08.11.37-300x135.jpeg\" data-width=\"300\" data-height=\"135\" aria-label=\"\" role=\"img\" ><\/div>\n\t\t\t\t\t\t\t\t\t\t\t<div class=\"elementor-gallery-item__overlay\"><\/div>\n\t\t\t\t\t\t\t\t\t\t\t\t\t\t<\/a>\n\t\t\t\t\t\t\t<a class=\"e-gallery-item elementor-gallery-item elementor-animated-content\" href=\"https:\/\/www.galprealpidolomiti.it\/old\/wp-content\/uploads\/2025\/09\/WhatsApp-Image-2025-09-29-at-08.15.31-scaled.jpeg\" data-elementor-open-lightbox=\"yes\" data-elementor-lightbox-slideshow=\"62e6f3b\" data-elementor-lightbox-title=\"WhatsApp Image 2025-09-29 at 08.15.31\" data-e-action-hash=\"#elementor-action%3Aaction%3Dlightbox%26settings%3DeyJpZCI6Mjg3NTMsInVybCI6Imh0dHBzOlwvXC93d3cuZ2FscHJlYWxwaWRvbG9taXRpLml0XC9vbGRcL3dwLWNvbnRlbnRcL3VwbG9hZHNcLzIwMjVcLzA5XC9XaGF0c0FwcC1JbWFnZS0yMDI1LTA5LTI5LWF0LTA4LjE1LjMxLXNjYWxlZC5qcGVnIiwic2xpZGVzaG93IjoiNjJlNmYzYiJ9\">\n\t\t\t\t\t<div class=\"e-gallery-image elementor-gallery-item__image\" data-thumbnail=\"https:\/\/www.galprealpidolomiti.it\/old\/wp-content\/uploads\/2025\/09\/WhatsApp-Image-2025-09-29-at-08.15.31-225x300.jpeg\" data-width=\"225\" data-height=\"300\" aria-label=\"\" role=\"img\" ><\/div>\n\t\t\t\t\t\t\t\t\t\t\t<div class=\"elementor-gallery-item__overlay\"><\/div>\n\t\t\t\t\t\t\t\t\t\t\t\t\t\t<\/a>\n\t\t\t\t\t\t\t<a class=\"e-gallery-item elementor-gallery-item elementor-animated-content\" href=\"https:\/\/www.galprealpidolomiti.it\/old\/wp-content\/uploads\/2025\/09\/WhatsApp-Image-2025-09-26-at-08.11.38-1.jpeg\" data-elementor-open-lightbox=\"yes\" data-elementor-lightbox-slideshow=\"62e6f3b\" data-elementor-lightbox-title=\"WhatsApp Image 2025-09-26 at 08.11.38 (1)\" data-e-action-hash=\"#elementor-action%3Aaction%3Dlightbox%26settings%3DeyJpZCI6Mjg3NDcsInVybCI6Imh0dHBzOlwvXC93d3cuZ2FscHJlYWxwaWRvbG9taXRpLml0XC9vbGRcL3dwLWNvbnRlbnRcL3VwbG9hZHNcLzIwMjVcLzA5XC9XaGF0c0FwcC1JbWFnZS0yMDI1LTA5LTI2LWF0LTA4LjExLjM4LTEuanBlZyIsInNsaWRlc2hvdyI6IjYyZTZmM2IifQ%3D%3D\">\n\t\t\t\t\t<div class=\"e-gallery-image elementor-gallery-item__image\" data-thumbnail=\"https:\/\/www.galprealpidolomiti.it\/old\/wp-content\/uploads\/2025\/09\/WhatsApp-Image-2025-09-26-at-08.11.38-1-300x219.jpeg\" data-width=\"300\" data-height=\"219\" aria-label=\"\" role=\"img\" ><\/div>\n\t\t\t\t\t\t\t\t\t\t\t<div class=\"elementor-gallery-item__overlay\"><\/div>\n\t\t\t\t\t\t\t\t\t\t\t\t\t\t<\/a>\n\t\t\t\t\t\t\t<a class=\"e-gallery-item elementor-gallery-item elementor-animated-content\" href=\"https:\/\/www.galprealpidolomiti.it\/old\/wp-content\/uploads\/2025\/09\/WhatsApp-Image-2025-09-29-at-08.15.27-2-scaled.jpeg\" data-elementor-open-lightbox=\"yes\" data-elementor-lightbox-slideshow=\"62e6f3b\" data-elementor-lightbox-title=\"WhatsApp Image 2025-09-29 at 08.15.27 (2)\" data-e-action-hash=\"#elementor-action%3Aaction%3Dlightbox%26settings%3DeyJpZCI6Mjg3NDEsInVybCI6Imh0dHBzOlwvXC93d3cuZ2FscHJlYWxwaWRvbG9taXRpLml0XC9vbGRcL3dwLWNvbnRlbnRcL3VwbG9hZHNcLzIwMjVcLzA5XC9XaGF0c0FwcC1JbWFnZS0yMDI1LTA5LTI5LWF0LTA4LjE1LjI3LTItc2NhbGVkLmpwZWciLCJzbGlkZXNob3ciOiI2MmU2ZjNiIn0%3D\">\n\t\t\t\t\t<div class=\"e-gallery-image elementor-gallery-item__image\" data-thumbnail=\"https:\/\/www.galprealpidolomiti.it\/old\/wp-content\/uploads\/2025\/09\/WhatsApp-Image-2025-09-29-at-08.15.27-2-225x300.jpeg\" data-width=\"225\" data-height=\"300\" aria-label=\"\" role=\"img\" ><\/div>\n\t\t\t\t\t\t\t\t\t\t\t<div class=\"elementor-gallery-item__overlay\"><\/div>\n\t\t\t\t\t\t\t\t\t\t\t\t\t\t<\/a>\n\t\t\t\t\t<\/div>\n\t\t\t<\/div>\n\t\t\t\t<\/div>\n\t\t\t\t\t<\/div>\n\t\t<\/div>\n\t\t\t\t\t<\/div>\n\t\t<\/section>\n\t\t\t\t<\/div>\n\t\t","protected":false},"excerpt":{"rendered":"<p>Il Progetto EQUALIT-A\u2019 si pone l\u2019obiettivo di colmare l\u2019assenza di una governance transfrontaliera sul tema della parit\u00e0 di genere. Il progetto infatti promuove comuni standard e strumenti (ad oggi assenti) al fine di garantire il principio di parit\u00e0 di genere specialmente nelle aree rurali&nbsp; e montane. Grazie all\u2019istituzione di un tavolo permanente transfrontaliero sulla parit\u00e0[&#8230;..]<\/p>\n","protected":false},"author":3,"featured_media":0,"parent":0,"menu_order":0,"comment_status":"closed","ping_status":"closed","template":"","meta":{"footnotes":""},"categories":[],"tags":[],"class_list":["post-26216","page","type-page","status-publish","hentry"],"yoast_head":"<!-- This site is optimized with the Yoast SEO plugin v25.7 - https:\/\/yoast.com\/wordpress\/plugins\/seo\/ -->\n<title>Interreg VI-A Italia-Austria 2021-2027 - GAL Prealpi e Dolomiti<\/title>\n<meta name=\"robots\" content=\"index, follow, max-snippet:-1, max-image-preview:large, max-video-preview:-1\" \/>\n<link rel=\"canonical\" href=\"https:\/\/galprealpidolomiti.it\/equalit-a-empowering-communities-for-gender-equity-enhanced-quality-of-governance-in-italy-and-austria\/\" \/>\n<meta property=\"og:locale\" content=\"it_IT\" \/>\n<meta property=\"og:type\" content=\"article\" \/>\n<meta property=\"og:title\" content=\"Interreg VI-A Italia-Austria 2021-2027 - GAL Prealpi e Dolomiti\" \/>\n<meta property=\"og:description\" content=\"Il Progetto EQUALIT-A\u2019 si pone l\u2019obiettivo di colmare l\u2019assenza di una governance transfrontaliera sul tema della parit\u00e0 di genere. Il progetto infatti promuove comuni standard e strumenti (ad oggi assenti) al fine di garantire il principio di parit\u00e0 di genere specialmente nelle aree rurali&nbsp; e montane. Grazie all\u2019istituzione di un tavolo permanente transfrontaliero sulla parit\u00e0[.....]\" \/>\n<meta property=\"og:url\" content=\"https:\/\/galprealpidolomiti.it\/equalit-a-empowering-communities-for-gender-equity-enhanced-quality-of-governance-in-italy-and-austria\/\" \/>\n<meta property=\"og:site_name\" content=\"GAL Prealpi e Dolomiti\" \/>\n<meta property=\"article:modified_time\" content=\"2025-09-30T08:15:34+00:00\" \/>\n<meta property=\"og:image\" content=\"https:\/\/www.galprealpidolomiti.it\/old\/wp-content\/uploads\/2025\/02\/logo-1.png\" \/>\n\t<meta property=\"og:image:width\" content=\"382\" \/>\n\t<meta property=\"og:image:height\" content=\"124\" \/>\n\t<meta property=\"og:image:type\" content=\"image\/png\" \/>\n<meta name=\"twitter:card\" content=\"summary_large_image\" \/>\n<meta name=\"twitter:label1\" content=\"Tempo di lettura stimato\" \/>\n\t<meta name=\"twitter:data1\" content=\"3 minuti\" \/>\n<script type=\"application\/ld+json\" class=\"yoast-schema-graph\">{\"@context\":\"https:\/\/schema.org\",\"@graph\":[{\"@type\":\"WebPage\",\"@id\":\"https:\/\/galprealpidolomiti.it\/equalit-a-empowering-communities-for-gender-equity-enhanced-quality-of-governance-in-italy-and-austria\/\",\"url\":\"https:\/\/galprealpidolomiti.it\/equalit-a-empowering-communities-for-gender-equity-enhanced-quality-of-governance-in-italy-and-austria\/\",\"name\":\"Interreg VI-A Italia-Austria 2021-2027 - GAL Prealpi e Dolomiti\",\"isPartOf\":{\"@id\":\"https:\/\/galprealpidolomiti.it\/#website\"},\"primaryImageOfPage\":{\"@id\":\"https:\/\/galprealpidolomiti.it\/equalit-a-empowering-communities-for-gender-equity-enhanced-quality-of-governance-in-italy-and-austria\/#primaryimage\"},\"image\":{\"@id\":\"https:\/\/galprealpidolomiti.it\/equalit-a-empowering-communities-for-gender-equity-enhanced-quality-of-governance-in-italy-and-austria\/#primaryimage\"},\"thumbnailUrl\":\"https:\/\/galprealpidolomiti.it\/wp-content\/uploads\/2025\/02\/logo-1.png\",\"datePublished\":\"2025-02-24T10:55:16+00:00\",\"dateModified\":\"2025-09-30T08:15:34+00:00\",\"breadcrumb\":{\"@id\":\"https:\/\/galprealpidolomiti.it\/equalit-a-empowering-communities-for-gender-equity-enhanced-quality-of-governance-in-italy-and-austria\/#breadcrumb\"},\"inLanguage\":\"it-IT\",\"potentialAction\":[{\"@type\":\"ReadAction\",\"target\":[\"https:\/\/galprealpidolomiti.it\/equalit-a-empowering-communities-for-gender-equity-enhanced-quality-of-governance-in-italy-and-austria\/\"]}]},{\"@type\":\"ImageObject\",\"inLanguage\":\"it-IT\",\"@id\":\"https:\/\/galprealpidolomiti.it\/equalit-a-empowering-communities-for-gender-equity-enhanced-quality-of-governance-in-italy-and-austria\/#primaryimage\",\"url\":\"https:\/\/galprealpidolomiti.it\/wp-content\/uploads\/2025\/02\/logo-1.png\",\"contentUrl\":\"https:\/\/galprealpidolomiti.it\/wp-content\/uploads\/2025\/02\/logo-1.png\"},{\"@type\":\"BreadcrumbList\",\"@id\":\"https:\/\/galprealpidolomiti.it\/equalit-a-empowering-communities-for-gender-equity-enhanced-quality-of-governance-in-italy-and-austria\/#breadcrumb\",\"itemListElement\":[{\"@type\":\"ListItem\",\"position\":1,\"name\":\"Home\",\"item\":\"https:\/\/galprealpidolomiti.it\/\"},{\"@type\":\"ListItem\",\"position\":2,\"name\":\"Interreg VI-A Italia-Austria 2021-2027\"}]},{\"@type\":\"WebSite\",\"@id\":\"https:\/\/galprealpidolomiti.it\/#website\",\"url\":\"https:\/\/galprealpidolomiti.it\/\",\"name\":\"GAL Prealpi e Dolomiti\",\"description\":\"Gruppo di Azione Locale\",\"publisher\":{\"@id\":\"https:\/\/galprealpidolomiti.it\/#organization\"},\"potentialAction\":[{\"@type\":\"SearchAction\",\"target\":{\"@type\":\"EntryPoint\",\"urlTemplate\":\"https:\/\/galprealpidolomiti.it\/?s={search_term_string}\"},\"query-input\":{\"@type\":\"PropertyValueSpecification\",\"valueRequired\":true,\"valueName\":\"search_term_string\"}}],\"inLanguage\":\"it-IT\"},{\"@type\":\"Organization\",\"@id\":\"https:\/\/galprealpidolomiti.it\/#organization\",\"name\":\"GAL Prealpi e Dolomiti\",\"url\":\"https:\/\/galprealpidolomiti.it\/\",\"logo\":{\"@type\":\"ImageObject\",\"inLanguage\":\"it-IT\",\"@id\":\"https:\/\/galprealpidolomiti.it\/#\/schema\/logo\/image\/\",\"url\":\"https:\/\/www.galprealpidolomiti.it\/old\/wp-content\/uploads\/2020\/03\/striscia-5-loghi.png\",\"contentUrl\":\"https:\/\/www.galprealpidolomiti.it\/old\/wp-content\/uploads\/2020\/03\/striscia-5-loghi.png\",\"width\":1177,\"height\":228,\"caption\":\"GAL Prealpi e Dolomiti\"},\"image\":{\"@id\":\"https:\/\/galprealpidolomiti.it\/#\/schema\/logo\/image\/\"}}]}<\/script>\n<!-- \/ Yoast SEO plugin. -->","yoast_head_json":{"title":"Interreg VI-A Italia-Austria 2021-2027 - GAL Prealpi e Dolomiti","robots":{"index":"index","follow":"follow","max-snippet":"max-snippet:-1","max-image-preview":"max-image-preview:large","max-video-preview":"max-video-preview:-1"},"canonical":"https:\/\/galprealpidolomiti.it\/equalit-a-empowering-communities-for-gender-equity-enhanced-quality-of-governance-in-italy-and-austria\/","og_locale":"it_IT","og_type":"article","og_title":"Interreg VI-A Italia-Austria 2021-2027 - GAL Prealpi e Dolomiti","og_description":"Il Progetto EQUALIT-A\u2019 si pone l\u2019obiettivo di colmare l\u2019assenza di una governance transfrontaliera sul tema della parit\u00e0 di genere. Il progetto infatti promuove comuni standard e strumenti (ad oggi assenti) al fine di garantire il principio di parit\u00e0 di genere specialmente nelle aree rurali&nbsp; e montane. Grazie all\u2019istituzione di un tavolo permanente transfrontaliero sulla parit\u00e0[.....]","og_url":"https:\/\/galprealpidolomiti.it\/equalit-a-empowering-communities-for-gender-equity-enhanced-quality-of-governance-in-italy-and-austria\/","og_site_name":"GAL Prealpi e Dolomiti","article_modified_time":"2025-09-30T08:15:34+00:00","og_image":[{"width":382,"height":124,"url":"https:\/\/www.galprealpidolomiti.it\/old\/wp-content\/uploads\/2025\/02\/logo-1.png","type":"image\/png"}],"twitter_card":"summary_large_image","twitter_misc":{"Tempo di lettura stimato":"3 minuti"},"schema":{"@context":"https:\/\/schema.org","@graph":[{"@type":"WebPage","@id":"https:\/\/galprealpidolomiti.it\/equalit-a-empowering-communities-for-gender-equity-enhanced-quality-of-governance-in-italy-and-austria\/","url":"https:\/\/galprealpidolomiti.it\/equalit-a-empowering-communities-for-gender-equity-enhanced-quality-of-governance-in-italy-and-austria\/","name":"Interreg VI-A Italia-Austria 2021-2027 - GAL Prealpi e Dolomiti","isPartOf":{"@id":"https:\/\/galprealpidolomiti.it\/#website"},"primaryImageOfPage":{"@id":"https:\/\/galprealpidolomiti.it\/equalit-a-empowering-communities-for-gender-equity-enhanced-quality-of-governance-in-italy-and-austria\/#primaryimage"},"image":{"@id":"https:\/\/galprealpidolomiti.it\/equalit-a-empowering-communities-for-gender-equity-enhanced-quality-of-governance-in-italy-and-austria\/#primaryimage"},"thumbnailUrl":"https:\/\/galprealpidolomiti.it\/wp-content\/uploads\/2025\/02\/logo-1.png","datePublished":"2025-02-24T10:55:16+00:00","dateModified":"2025-09-30T08:15:34+00:00","breadcrumb":{"@id":"https:\/\/galprealpidolomiti.it\/equalit-a-empowering-communities-for-gender-equity-enhanced-quality-of-governance-in-italy-and-austria\/#breadcrumb"},"inLanguage":"it-IT","potentialAction":[{"@type":"ReadAction","target":["https:\/\/galprealpidolomiti.it\/equalit-a-empowering-communities-for-gender-equity-enhanced-quality-of-governance-in-italy-and-austria\/"]}]},{"@type":"ImageObject","inLanguage":"it-IT","@id":"https:\/\/galprealpidolomiti.it\/equalit-a-empowering-communities-for-gender-equity-enhanced-quality-of-governance-in-italy-and-austria\/#primaryimage","url":"https:\/\/galprealpidolomiti.it\/wp-content\/uploads\/2025\/02\/logo-1.png","contentUrl":"https:\/\/galprealpidolomiti.it\/wp-content\/uploads\/2025\/02\/logo-1.png"},{"@type":"BreadcrumbList","@id":"https:\/\/galprealpidolomiti.it\/equalit-a-empowering-communities-for-gender-equity-enhanced-quality-of-governance-in-italy-and-austria\/#breadcrumb","itemListElement":[{"@type":"ListItem","position":1,"name":"Home","item":"https:\/\/galprealpidolomiti.it\/"},{"@type":"ListItem","position":2,"name":"Interreg VI-A Italia-Austria 2021-2027"}]},{"@type":"WebSite","@id":"https:\/\/galprealpidolomiti.it\/#website","url":"https:\/\/galprealpidolomiti.it\/","name":"GAL Prealpi e Dolomiti","description":"Gruppo di Azione Locale","publisher":{"@id":"https:\/\/galprealpidolomiti.it\/#organization"},"potentialAction":[{"@type":"SearchAction","target":{"@type":"EntryPoint","urlTemplate":"https:\/\/galprealpidolomiti.it\/?s={search_term_string}"},"query-input":{"@type":"PropertyValueSpecification","valueRequired":true,"valueName":"search_term_string"}}],"inLanguage":"it-IT"},{"@type":"Organization","@id":"https:\/\/galprealpidolomiti.it\/#organization","name":"GAL Prealpi e Dolomiti","url":"https:\/\/galprealpidolomiti.it\/","logo":{"@type":"ImageObject","inLanguage":"it-IT","@id":"https:\/\/galprealpidolomiti.it\/#\/schema\/logo\/image\/","url":"https:\/\/www.galprealpidolomiti.it\/old\/wp-content\/uploads\/2020\/03\/striscia-5-loghi.png","contentUrl":"https:\/\/www.galprealpidolomiti.it\/old\/wp-content\/uploads\/2020\/03\/striscia-5-loghi.png","width":1177,"height":228,"caption":"GAL Prealpi e Dolomiti"},"image":{"@id":"https:\/\/galprealpidolomiti.it\/#\/schema\/logo\/image\/"}}]}},"_links":{"self":[{"href":"https:\/\/www.galprealpidolomiti.it\/old\/wp-json\/wp\/v2\/pages\/26216","targetHints":{"allow":["GET"]}}],"collection":[{"href":"https:\/\/www.galprealpidolomiti.it\/old\/wp-json\/wp\/v2\/pages"}],"about":[{"href":"https:\/\/www.galprealpidolomiti.it\/old\/wp-json\/wp\/v2\/types\/page"}],"author":[{"embeddable":true,"href":"https:\/\/www.galprealpidolomiti.it\/old\/wp-json\/wp\/v2\/users\/3"}],"replies":[{"embeddable":true,"href":"https:\/\/www.galprealpidolomiti.it\/old\/wp-json\/wp\/v2\/comments?post=26216"}],"version-history":[{"count":14,"href":"https:\/\/www.galprealpidolomiti.it\/old\/wp-json\/wp\/v2\/pages\/26216\/revisions"}],"predecessor-version":[{"id":28765,"href":"https:\/\/www.galprealpidolomiti.it\/old\/wp-json\/wp\/v2\/pages\/26216\/revisions\/28765"}],"wp:attachment":[{"href":"https:\/\/www.galprealpidolomiti.it\/old\/wp-json\/wp\/v2\/media?parent=26216"}],"wp:term":[{"taxonomy":"category","embeddable":true,"href":"https:\/\/www.galprealpidolomiti.it\/old\/wp-json\/wp\/v2\/categories?post=26216"},{"taxonomy":"post_tag","embeddable":true,"href":"https:\/\/www.galprealpidolomiti.it\/old\/wp-json\/wp\/v2\/tags?post=26216"}],"curies":[{"name":"wp","href":"https:\/\/api.w.org\/{rel}","templated":true}]}}