{"id":2447,"date":"2017-04-26T09:12:05","date_gmt":"2017-04-26T07:12:05","guid":{"rendered":"https:\/\/galprealpidolomiti.it\/?page_id=2447"},"modified":"2017-04-26T16:22:58","modified_gmt":"2017-04-26T14:22:58","slug":"storie-dacqua-nel-parco-nazionale-delle-dolomiti-bellunesi","status":"publish","type":"page","link":"https:\/\/www.galprealpidolomiti.it\/old\/facciamolo-noi\/i-post\/storie-dacqua-nel-parco-nazionale-delle-dolomiti-bellunesi\/","title":{"rendered":"Storie d&#8217;acqua nel Parco Nazionale delle Dolomiti Bellunesi"},"content":{"rendered":"\t\t<div data-elementor-type=\"wp-post\" data-elementor-id=\"2447\" class=\"elementor elementor-2447 elementor-bc-flex-widget\" data-elementor-post-type=\"page\">\n\t\t\t\t\t\t<section class=\"elementor-section elementor-top-section elementor-element elementor-element-enyraex elementor-section-boxed elementor-section-height-default elementor-section-height-default\" data-id=\"enyraex\" data-element_type=\"section\" data-settings=\"{&quot;jet_parallax_layout_list&quot;:[]}\">\n\t\t\t\t\t\t<div class=\"elementor-container elementor-column-gap-default\">\n\t\t\t\t\t<div class=\"elementor-column elementor-col-100 elementor-top-column elementor-element elementor-element-zkgfeto\" data-id=\"zkgfeto\" data-element_type=\"column\">\n\t\t\t<div class=\"elementor-widget-wrap elementor-element-populated\">\n\t\t\t\t\t\t<div class=\"elementor-element elementor-element-9cxfzfw elementor-widget elementor-widget-image\" data-id=\"9cxfzfw\" data-element_type=\"widget\" data-widget_type=\"image.default\">\n\t\t\t\t<div class=\"elementor-widget-container\">\n\t\t\t\t\t\t\t\t\t\t\t\t\t<img decoding=\"async\" src=\"https:\/\/www.galprealpidolomiti.it\/old\/wp-content\/uploads\/elementor\/thumbs\/SAM_0544-nl39cw3ijxhrzqoh6gfq6q4lswawfdbz76yv9aoco8.jpg\" title=\"SAM_0544\" alt=\"SAM_0544\" loading=\"lazy\" \/>\t\t\t\t\t\t\t\t\t\t\t\t\t<\/div>\n\t\t\t\t<\/div>\n\t\t\t\t<div class=\"elementor-element elementor-element-zkalwrq elementor-widget elementor-widget-text-editor\" data-id=\"zkalwrq\" data-element_type=\"widget\" data-widget_type=\"text-editor.default\">\n\t\t\t\t<div class=\"elementor-widget-container\">\n\t\t\t\t\t\t\t\u201cLavoravo a Padova, e mi sono stufato. Sono passato attraverso le stagioni in rifugio, lontano da casa, e alla fine sono arrivato qui a Cergnai\u201d: Luca, di Feltre, gestisce da qualche anno l\u2019ostello Altanon, una bella casona di pietra chiara nascosta tra gli alberi sul torrente Veses, poco sopra Santa Giustina. L\u2019ostello \u00e8 infossato nel bosco, di fianco alla vecchia centralina idroelettrica (recuperata, e di nuovo in funzione), e tutto quello che si sente \u00e8 il rumore dell\u2019acqua e qualche suono di uccelli, l\u2019abbaiare raro del cane.\r\n\r\nL\u2019Altanon \u00e8 gi\u00e0 Parco nazionale delle Dolomiti Bellunesi, e anche se non si vede \u2013 troppa natura! \u2013 l\u00ec dietro, sopra, svetta il Pizzocco, e le montagne fanno una lunga corona di Vette Feltrine.\r\nAlle scolaresche e ai turisti che arrivano fino a qui c\u2019\u00e8 chi racconta le meraviglie del Parco, la storia geologica della Val Scura e delle alte crode all\u2019orizzonte, la ricchezza dell\u2019agricoltura locale, l\u2019avventura dell\u2019acqua.\r\n\u201cOspiti stranieri ne capitano, s\u00ec \u2013 racconta Luca \u2013 per\u00f2 lavoriamo soprattutto con gli italiani. E poi ci sono le gite delle scuole, da Treviso e Padova, da Torino e Montebelluna, le settimane dei gruppi scout, i ritiri sportivi o di meditazione\u2026\u201d.\r\n\r\nDa poco un sentiero collega l\u2019Altanon al mulino di Santa Libera, a Salzan di Santa Giustina: fa parte del percorso ciclo-pedonale Sedico-Santa Giustina, creato nell\u2019ambito del progetto di cooperazione transnazionale M\u00fchlen\/Mulini \u2013 per la valorizzazione e la conoscenza dell\u2019uso dell\u2019acqua nel Bellunese e nel Tirolo austriaco.\r\nIl mulino di Santa Libera si trova in un tipico cortivo, e riceve ancora oggi parte delle acque del torrente deviate nella roggia che attraversa Ignan e Salzan. Le due ruote da farina erano in funzione gi\u00e0 nella prima met\u00e0 del Cinquecento, e questo \u00e8 stato uno degli ultimi mulini del Bellunese a chiudere i battenti, negli anni Ottanta. Ha riaperto nel 2004, per laboratori didattici e visite guidate.\r\n\r\nDalla centralina di fianco all\u2019ostello Altanon alle macine del mulino, gi\u00f9 a valle, nel corso di una breve passeggiata \u00e8 qui condensata una buona parte della storia idrica della Provincia. Basta mettersi in cammino, magari accompagnati da una guida, e lasciarsi raccontare della macinatura del mais Sponcio e Fiorentin, dello sfruttamento idroelettrico dal Mis al Vajont, degli opifici bellunesi, delle antiche rogge e le spade, il legno le zattere il feltro le pecore\u2026\t\t\t\t\t\t<\/div>\n\t\t\t\t<\/div>\n\t\t\t\t\t<\/div>\n\t\t<\/div>\n\t\t\t\t\t<\/div>\n\t\t<\/section>\n\t\t\t\t<\/div>\n\t\t","protected":false},"excerpt":{"rendered":"<p>\u201cLavoravo a Padova, e mi sono stufato. Sono passato attraverso le stagioni in rifugio, lontano da casa, e alla fine sono arrivato qui a Cergnai\u201d: Luca, di Feltre, gestisce da qualche anno l\u2019ostello Altanon, una bella casona di pietra chiara nascosta tra gli alberi sul torrente Veses, poco sopra Santa Giustina. L\u2019ostello \u00e8 infossato nel[&#8230;..]<\/p>\n","protected":false},"author":3,"featured_media":0,"parent":2067,"menu_order":6,"comment_status":"closed","ping_status":"closed","template":"page-template-sidebar.php","meta":{"footnotes":""},"categories":[],"tags":[],"class_list":["post-2447","page","type-page","status-publish","hentry"],"yoast_head":"<!-- This site is optimized with the Yoast SEO plugin v25.7 - https:\/\/yoast.com\/wordpress\/plugins\/seo\/ -->\n<title>Storie d&#039;acqua nel Parco Nazionale delle Dolomiti Bellunesi - GAL Prealpi e Dolomiti<\/title>\n<meta name=\"robots\" content=\"index, follow, max-snippet:-1, max-image-preview:large, max-video-preview:-1\" \/>\n<link rel=\"canonical\" href=\"https:\/\/galprealpidolomiti.it\/facciamolo-noi\/i-post\/storie-dacqua-nel-parco-nazionale-delle-dolomiti-bellunesi\/\" \/>\n<meta property=\"og:locale\" content=\"it_IT\" \/>\n<meta property=\"og:type\" content=\"article\" \/>\n<meta property=\"og:title\" content=\"Storie d&#039;acqua nel Parco Nazionale delle Dolomiti Bellunesi - GAL Prealpi e Dolomiti\" \/>\n<meta property=\"og:description\" content=\"\u201cLavoravo a Padova, e mi sono stufato. Sono passato attraverso le stagioni in rifugio, lontano da casa, e alla fine sono arrivato qui a Cergnai\u201d: Luca, di Feltre, gestisce da qualche anno l\u2019ostello Altanon, una bella casona di pietra chiara nascosta tra gli alberi sul torrente Veses, poco sopra Santa Giustina. L\u2019ostello \u00e8 infossato nel[.....]\" \/>\n<meta property=\"og:url\" content=\"https:\/\/galprealpidolomiti.it\/facciamolo-noi\/i-post\/storie-dacqua-nel-parco-nazionale-delle-dolomiti-bellunesi\/\" \/>\n<meta property=\"og:site_name\" content=\"GAL Prealpi e Dolomiti\" \/>\n<meta property=\"article:modified_time\" content=\"2017-04-26T14:22:58+00:00\" \/>\n<meta property=\"og:image\" content=\"https:\/\/galprealpidolomiti.it\/wp-content\/uploads\/elementor\/thumbs\/SAM_0544-n7n7237ibt0k44wuvulax080s6u9ct0gotbpdi17vs.jpg\" \/>\n<meta name=\"twitter:card\" content=\"summary_large_image\" \/>\n<meta name=\"twitter:label1\" content=\"Tempo di lettura stimato\" \/>\n\t<meta name=\"twitter:data1\" content=\"2 minuti\" \/>\n<script type=\"application\/ld+json\" class=\"yoast-schema-graph\">{\"@context\":\"https:\/\/schema.org\",\"@graph\":[{\"@type\":\"WebPage\",\"@id\":\"https:\/\/galprealpidolomiti.it\/facciamolo-noi\/i-post\/storie-dacqua-nel-parco-nazionale-delle-dolomiti-bellunesi\/\",\"url\":\"https:\/\/galprealpidolomiti.it\/facciamolo-noi\/i-post\/storie-dacqua-nel-parco-nazionale-delle-dolomiti-bellunesi\/\",\"name\":\"Storie d'acqua nel Parco Nazionale delle Dolomiti Bellunesi - GAL Prealpi e Dolomiti\",\"isPartOf\":{\"@id\":\"https:\/\/galprealpidolomiti.it\/#website\"},\"primaryImageOfPage\":{\"@id\":\"https:\/\/galprealpidolomiti.it\/facciamolo-noi\/i-post\/storie-dacqua-nel-parco-nazionale-delle-dolomiti-bellunesi\/#primaryimage\"},\"image\":{\"@id\":\"https:\/\/galprealpidolomiti.it\/facciamolo-noi\/i-post\/storie-dacqua-nel-parco-nazionale-delle-dolomiti-bellunesi\/#primaryimage\"},\"thumbnailUrl\":\"https:\/\/galprealpidolomiti.it\/wp-content\/uploads\/elementor\/thumbs\/SAM_0544-n7n7237ibt0k44wuvulax080s6u9ct0gotbpdi17vs.jpg\",\"datePublished\":\"2017-04-26T07:12:05+00:00\",\"dateModified\":\"2017-04-26T14:22:58+00:00\",\"breadcrumb\":{\"@id\":\"https:\/\/galprealpidolomiti.it\/facciamolo-noi\/i-post\/storie-dacqua-nel-parco-nazionale-delle-dolomiti-bellunesi\/#breadcrumb\"},\"inLanguage\":\"it-IT\",\"potentialAction\":[{\"@type\":\"ReadAction\",\"target\":[\"https:\/\/galprealpidolomiti.it\/facciamolo-noi\/i-post\/storie-dacqua-nel-parco-nazionale-delle-dolomiti-bellunesi\/\"]}]},{\"@type\":\"ImageObject\",\"inLanguage\":\"it-IT\",\"@id\":\"https:\/\/galprealpidolomiti.it\/facciamolo-noi\/i-post\/storie-dacqua-nel-parco-nazionale-delle-dolomiti-bellunesi\/#primaryimage\",\"url\":\"https:\/\/galprealpidolomiti.it\/wp-content\/uploads\/elementor\/thumbs\/SAM_0544-n7n7237ibt0k44wuvulax080s6u9ct0gotbpdi17vs.jpg\",\"contentUrl\":\"https:\/\/galprealpidolomiti.it\/wp-content\/uploads\/elementor\/thumbs\/SAM_0544-n7n7237ibt0k44wuvulax080s6u9ct0gotbpdi17vs.jpg\"},{\"@type\":\"BreadcrumbList\",\"@id\":\"https:\/\/galprealpidolomiti.it\/facciamolo-noi\/i-post\/storie-dacqua-nel-parco-nazionale-delle-dolomiti-bellunesi\/#breadcrumb\",\"itemListElement\":[{\"@type\":\"ListItem\",\"position\":1,\"name\":\"Home\",\"item\":\"https:\/\/galprealpidolomiti.it\/\"},{\"@type\":\"ListItem\",\"position\":2,\"name\":\"Facciamolo noi 2007-2013\",\"item\":\"https:\/\/galprealpidolomiti.it\/facciamolo-noi\/\"},{\"@type\":\"ListItem\",\"position\":3,\"name\":\"I Post\",\"item\":\"https:\/\/galprealpidolomiti.it\/facciamolo-noi\/i-post\/\"},{\"@type\":\"ListItem\",\"position\":4,\"name\":\"Storie d&#8217;acqua nel Parco Nazionale delle Dolomiti Bellunesi\"}]},{\"@type\":\"WebSite\",\"@id\":\"https:\/\/galprealpidolomiti.it\/#website\",\"url\":\"https:\/\/galprealpidolomiti.it\/\",\"name\":\"GAL Prealpi e Dolomiti\",\"description\":\"Gruppo di Azione Locale\",\"publisher\":{\"@id\":\"https:\/\/galprealpidolomiti.it\/#organization\"},\"potentialAction\":[{\"@type\":\"SearchAction\",\"target\":{\"@type\":\"EntryPoint\",\"urlTemplate\":\"https:\/\/galprealpidolomiti.it\/?s={search_term_string}\"},\"query-input\":{\"@type\":\"PropertyValueSpecification\",\"valueRequired\":true,\"valueName\":\"search_term_string\"}}],\"inLanguage\":\"it-IT\"},{\"@type\":\"Organization\",\"@id\":\"https:\/\/galprealpidolomiti.it\/#organization\",\"name\":\"GAL Prealpi e Dolomiti\",\"url\":\"https:\/\/galprealpidolomiti.it\/\",\"logo\":{\"@type\":\"ImageObject\",\"inLanguage\":\"it-IT\",\"@id\":\"https:\/\/galprealpidolomiti.it\/#\/schema\/logo\/image\/\",\"url\":\"https:\/\/www.galprealpidolomiti.it\/old\/wp-content\/uploads\/2020\/03\/striscia-5-loghi.png\",\"contentUrl\":\"https:\/\/www.galprealpidolomiti.it\/old\/wp-content\/uploads\/2020\/03\/striscia-5-loghi.png\",\"width\":1177,\"height\":228,\"caption\":\"GAL Prealpi e Dolomiti\"},\"image\":{\"@id\":\"https:\/\/galprealpidolomiti.it\/#\/schema\/logo\/image\/\"}}]}<\/script>\n<!-- \/ Yoast SEO plugin. -->","yoast_head_json":{"title":"Storie d'acqua nel Parco Nazionale delle Dolomiti Bellunesi - GAL Prealpi e Dolomiti","robots":{"index":"index","follow":"follow","max-snippet":"max-snippet:-1","max-image-preview":"max-image-preview:large","max-video-preview":"max-video-preview:-1"},"canonical":"https:\/\/galprealpidolomiti.it\/facciamolo-noi\/i-post\/storie-dacqua-nel-parco-nazionale-delle-dolomiti-bellunesi\/","og_locale":"it_IT","og_type":"article","og_title":"Storie d'acqua nel Parco Nazionale delle Dolomiti Bellunesi - GAL Prealpi e Dolomiti","og_description":"\u201cLavoravo a Padova, e mi sono stufato. Sono passato attraverso le stagioni in rifugio, lontano da casa, e alla fine sono arrivato qui a Cergnai\u201d: Luca, di Feltre, gestisce da qualche anno l\u2019ostello Altanon, una bella casona di pietra chiara nascosta tra gli alberi sul torrente Veses, poco sopra Santa Giustina. L\u2019ostello \u00e8 infossato nel[.....]","og_url":"https:\/\/galprealpidolomiti.it\/facciamolo-noi\/i-post\/storie-dacqua-nel-parco-nazionale-delle-dolomiti-bellunesi\/","og_site_name":"GAL Prealpi e Dolomiti","article_modified_time":"2017-04-26T14:22:58+00:00","og_image":[{"url":"https:\/\/galprealpidolomiti.it\/wp-content\/uploads\/elementor\/thumbs\/SAM_0544-n7n7237ibt0k44wuvulax080s6u9ct0gotbpdi17vs.jpg","type":"","width":"","height":""}],"twitter_card":"summary_large_image","twitter_misc":{"Tempo di lettura stimato":"2 minuti"},"schema":{"@context":"https:\/\/schema.org","@graph":[{"@type":"WebPage","@id":"https:\/\/galprealpidolomiti.it\/facciamolo-noi\/i-post\/storie-dacqua-nel-parco-nazionale-delle-dolomiti-bellunesi\/","url":"https:\/\/galprealpidolomiti.it\/facciamolo-noi\/i-post\/storie-dacqua-nel-parco-nazionale-delle-dolomiti-bellunesi\/","name":"Storie d'acqua nel Parco Nazionale delle Dolomiti Bellunesi - GAL Prealpi e Dolomiti","isPartOf":{"@id":"https:\/\/galprealpidolomiti.it\/#website"},"primaryImageOfPage":{"@id":"https:\/\/galprealpidolomiti.it\/facciamolo-noi\/i-post\/storie-dacqua-nel-parco-nazionale-delle-dolomiti-bellunesi\/#primaryimage"},"image":{"@id":"https:\/\/galprealpidolomiti.it\/facciamolo-noi\/i-post\/storie-dacqua-nel-parco-nazionale-delle-dolomiti-bellunesi\/#primaryimage"},"thumbnailUrl":"https:\/\/galprealpidolomiti.it\/wp-content\/uploads\/elementor\/thumbs\/SAM_0544-n7n7237ibt0k44wuvulax080s6u9ct0gotbpdi17vs.jpg","datePublished":"2017-04-26T07:12:05+00:00","dateModified":"2017-04-26T14:22:58+00:00","breadcrumb":{"@id":"https:\/\/galprealpidolomiti.it\/facciamolo-noi\/i-post\/storie-dacqua-nel-parco-nazionale-delle-dolomiti-bellunesi\/#breadcrumb"},"inLanguage":"it-IT","potentialAction":[{"@type":"ReadAction","target":["https:\/\/galprealpidolomiti.it\/facciamolo-noi\/i-post\/storie-dacqua-nel-parco-nazionale-delle-dolomiti-bellunesi\/"]}]},{"@type":"ImageObject","inLanguage":"it-IT","@id":"https:\/\/galprealpidolomiti.it\/facciamolo-noi\/i-post\/storie-dacqua-nel-parco-nazionale-delle-dolomiti-bellunesi\/#primaryimage","url":"https:\/\/galprealpidolomiti.it\/wp-content\/uploads\/elementor\/thumbs\/SAM_0544-n7n7237ibt0k44wuvulax080s6u9ct0gotbpdi17vs.jpg","contentUrl":"https:\/\/galprealpidolomiti.it\/wp-content\/uploads\/elementor\/thumbs\/SAM_0544-n7n7237ibt0k44wuvulax080s6u9ct0gotbpdi17vs.jpg"},{"@type":"BreadcrumbList","@id":"https:\/\/galprealpidolomiti.it\/facciamolo-noi\/i-post\/storie-dacqua-nel-parco-nazionale-delle-dolomiti-bellunesi\/#breadcrumb","itemListElement":[{"@type":"ListItem","position":1,"name":"Home","item":"https:\/\/galprealpidolomiti.it\/"},{"@type":"ListItem","position":2,"name":"Facciamolo noi 2007-2013","item":"https:\/\/galprealpidolomiti.it\/facciamolo-noi\/"},{"@type":"ListItem","position":3,"name":"I Post","item":"https:\/\/galprealpidolomiti.it\/facciamolo-noi\/i-post\/"},{"@type":"ListItem","position":4,"name":"Storie d&#8217;acqua nel Parco Nazionale delle Dolomiti Bellunesi"}]},{"@type":"WebSite","@id":"https:\/\/galprealpidolomiti.it\/#website","url":"https:\/\/galprealpidolomiti.it\/","name":"GAL Prealpi e Dolomiti","description":"Gruppo di Azione Locale","publisher":{"@id":"https:\/\/galprealpidolomiti.it\/#organization"},"potentialAction":[{"@type":"SearchAction","target":{"@type":"EntryPoint","urlTemplate":"https:\/\/galprealpidolomiti.it\/?s={search_term_string}"},"query-input":{"@type":"PropertyValueSpecification","valueRequired":true,"valueName":"search_term_string"}}],"inLanguage":"it-IT"},{"@type":"Organization","@id":"https:\/\/galprealpidolomiti.it\/#organization","name":"GAL Prealpi e Dolomiti","url":"https:\/\/galprealpidolomiti.it\/","logo":{"@type":"ImageObject","inLanguage":"it-IT","@id":"https:\/\/galprealpidolomiti.it\/#\/schema\/logo\/image\/","url":"https:\/\/www.galprealpidolomiti.it\/old\/wp-content\/uploads\/2020\/03\/striscia-5-loghi.png","contentUrl":"https:\/\/www.galprealpidolomiti.it\/old\/wp-content\/uploads\/2020\/03\/striscia-5-loghi.png","width":1177,"height":228,"caption":"GAL Prealpi e Dolomiti"},"image":{"@id":"https:\/\/galprealpidolomiti.it\/#\/schema\/logo\/image\/"}}]}},"_links":{"self":[{"href":"https:\/\/www.galprealpidolomiti.it\/old\/wp-json\/wp\/v2\/pages\/2447","targetHints":{"allow":["GET"]}}],"collection":[{"href":"https:\/\/www.galprealpidolomiti.it\/old\/wp-json\/wp\/v2\/pages"}],"about":[{"href":"https:\/\/www.galprealpidolomiti.it\/old\/wp-json\/wp\/v2\/types\/page"}],"author":[{"embeddable":true,"href":"https:\/\/www.galprealpidolomiti.it\/old\/wp-json\/wp\/v2\/users\/3"}],"replies":[{"embeddable":true,"href":"https:\/\/www.galprealpidolomiti.it\/old\/wp-json\/wp\/v2\/comments?post=2447"}],"version-history":[{"count":0,"href":"https:\/\/www.galprealpidolomiti.it\/old\/wp-json\/wp\/v2\/pages\/2447\/revisions"}],"up":[{"embeddable":true,"href":"https:\/\/www.galprealpidolomiti.it\/old\/wp-json\/wp\/v2\/pages\/2067"}],"wp:attachment":[{"href":"https:\/\/www.galprealpidolomiti.it\/old\/wp-json\/wp\/v2\/media?parent=2447"}],"wp:term":[{"taxonomy":"category","embeddable":true,"href":"https:\/\/www.galprealpidolomiti.it\/old\/wp-json\/wp\/v2\/categories?post=2447"},{"taxonomy":"post_tag","embeddable":true,"href":"https:\/\/www.galprealpidolomiti.it\/old\/wp-json\/wp\/v2\/tags?post=2447"}],"curies":[{"name":"wp","href":"https:\/\/api.w.org\/{rel}","templated":true}]}}