{"id":2311,"date":"2017-04-21T14:43:54","date_gmt":"2017-04-21T12:43:54","guid":{"rendered":"https:\/\/galprealpidolomiti.it\/?page_id=2311"},"modified":"2017-04-28T11:36:25","modified_gmt":"2017-04-28T09:36:25","slug":"fiori-plastica-campi-golf-muche-boschi","status":"publish","type":"page","link":"https:\/\/www.galprealpidolomiti.it\/old\/facciamolo-noi\/i-post\/fiori-plastica-campi-golf-muche-boschi\/","title":{"rendered":"Fiori di plastica, campi da golf, muche e boschi"},"content":{"rendered":"<p><img decoding=\"async\" title=\"1400_facciamolo_noi_gal_malga\" src=\"https:\/\/galprealpidolomiti.it\/wp-content\/uploads\/elementor\/thumbs\/1400_facciamolo_noi_gal_malga-n7egx4laglwdypt69zlmfa73j99ti27w6ngl37xzc8.jpg\" alt=\"1400_facciamolo_noi_gal_malga\" \/><br \/>\nSulla piana del Cansiglio la strada \u2013 che fino a poco prima si arrampicava involuta nel tremolio di ombre e luce dei faggi, tra gli abeti severi \u2013 si fa improvvisamente dritta come un fuso. La fascia degli alberi sopra i prati sembra averla disegnata un bambino, tanto \u00e8 regolare.<br \/>\nL&#8217;orizzonte si amplia e il sole e il silenzio fanno sembrare vacanza anche un banale mercoled\u00ec: per quel signore che guida il caddy nel campo da golf per altro deserto \u00e8 senz&#8217;altro domenica, in effetti.<br \/>\nPer chi invece in Cansiglio ci lavora e ci vive \u2013 quattro aziende agricole e tre famiglie, mica grandi numeri \u2013 il mercoled\u00ec resta mercoled\u00ec, anche in questa piana spettacolare.<br \/>\nMirco Fullin gestisce l&#8217;agriturismo malga Filippon per conto di Veneto Agricoltura. Da qualche anno la struttura \u00e8 anche bed and breakfast: sopra il ristorante e la cucina ci sono cinque stanze a tema, con il tetto spiovente.<br \/>\nMirco ha 24 anni e si \u00e8 trasferito qui da poco, insieme alla moglie Sabrina. In stalla lo aiuta il padre Daniele, che viene quass\u00f9 da Tambre tutte le mattine alle 4,30. A volte salgono a dare una mano anche la mamma di Mirco \u2013 che gestisce un negozietto di alimentari in Alpago \u2013 e la nonna: \u201cSiamo andati di venti in venti, quindi mia nonna \u00e8 ancora giovane. Del resto \u00e8 stata sempre lei a occuparsi della stalla, anche negli anni in cui mio pap\u00e0 faceva il boscaiolo\u201d. In stalla oggi ci sono 60 mucche da mungitura e poi manze, vitelli, maiali e polli\u2026 Davanti all&#8217;agriturismo due asinelli scuri mangiano placidi.<br \/>\nI Fullin gestiscono 68 ettari di terreno: \u201cTra un po&#8217; ci rimettiamo a sistemare i recinti, poi c&#8217;\u00e8 da pensare allo sfalcio e alla terrazza del ristorante \u2013 per ora siamo aperti solo nel weekend, ma a luglio e agosto siamo sempre operativi\u201d. Il cuoco lo fa Mirco: e gli piace molto. La salvia \u00e8 appesa a seccare nella stanza della caldaia. \u201cCerchiamo di usare quanto pi\u00f9 possibile prodotti nostri, dalla carne al latte \u2013 che viene pastorizzato nel caseificio di Tambre \u2013 e poi i prodotti dell&#8217;orto, la pasta\u2026 Per il resto ci appoggiamo ad altre aziende agricole qui vicine\u201d.<br \/>\nNell&#8217;aria c&#8217;\u00e8 un silenzio assolato, a parte il ronzio pigro delle mosche e qualche muggito che esce dalla stalla. Le lame \u2013 i ristagni d&#8217;acqua che si formano nelle doline della piana \u2013 brillano. A strizzare gli occhi si vede il caddy che va avanti e indietro nei prati riservati al golf club: \u201cNoi non abbiamo mica mai provato: e chi lo trova, il tempo?\u201d.<br \/>\nSabrina si accarezza il pancione, tra un po&#8217; qui nasce un bambino. Fino a qualche mese fa faceva l&#8217;educatrice in casa di riposo, tra Ponte nelle Alpi e Longarone: \u201cIl nostro prossimo obiettivo \u00e8 diventare fattoria didattica. Sai quante persone salgono quass\u00f9 dal Trevisano, nei giorni di sole. Il Cansiglio \u00e8 fortunato: vengono in tanti anche da Padova, da Venezia. Stanno qui anche tutto il giorno, a pranzo e a cena, e qualcuno si ferma a dormire, adesso che abbiamo le stanze\u201d.<br \/>\nDal bosco che costeggia la strada per la malga esce un&#8217;aquila, un po&#8217; spaesata, e subito si rituffa tra gli abeti. I cervi non si vedono, per ora: escono di notte e si mangiano tutti i fiori. \u201cNiente gerani alle finestre, qui da noi. Solo fiori di plastica\u201d: Mirco sorride, mentre abbraccia orgoglioso la piana con lo sguardo.<\/p>\n","protected":false},"excerpt":{"rendered":"<p>Sulla piana del Cansiglio la strada \u2013 che fino a poco prima si arrampicava involuta nel tremolio di ombre e luce dei faggi, tra gli abeti severi \u2013 si fa improvvisamente dritta come un fuso. La fascia degli alberi sopra i prati sembra averla disegnata un bambino, tanto \u00e8 regolare. L&#8217;orizzonte si amplia e il[&#8230;..]<\/p>\n","protected":false},"author":3,"featured_media":0,"parent":2067,"menu_order":6,"comment_status":"closed","ping_status":"closed","template":"page-template-sidebar.php","meta":{"footnotes":""},"categories":[],"tags":[],"class_list":["post-2311","page","type-page","status-publish","hentry"],"yoast_head":"<!-- This site is optimized with the Yoast SEO plugin v25.7 - https:\/\/yoast.com\/wordpress\/plugins\/seo\/ -->\n<title>Fiori di plastica, campi da golf, muche e boschi - GAL Prealpi e Dolomiti<\/title>\n<meta name=\"robots\" content=\"index, follow, max-snippet:-1, max-image-preview:large, max-video-preview:-1\" \/>\n<link rel=\"canonical\" href=\"https:\/\/galprealpidolomiti.it\/facciamolo-noi\/i-post\/fiori-plastica-campi-golf-muche-boschi\/\" \/>\n<meta property=\"og:locale\" content=\"it_IT\" \/>\n<meta property=\"og:type\" content=\"article\" \/>\n<meta property=\"og:title\" content=\"Fiori di plastica, campi da golf, muche e boschi - GAL Prealpi e Dolomiti\" \/>\n<meta property=\"og:description\" content=\"Sulla piana del Cansiglio la strada \u2013 che fino a poco prima si arrampicava involuta nel tremolio di ombre e luce dei faggi, tra gli abeti severi \u2013 si fa improvvisamente dritta come un fuso. La fascia degli alberi sopra i prati sembra averla disegnata un bambino, tanto \u00e8 regolare. L&#8217;orizzonte si amplia e il[.....]\" \/>\n<meta property=\"og:url\" content=\"https:\/\/galprealpidolomiti.it\/facciamolo-noi\/i-post\/fiori-plastica-campi-golf-muche-boschi\/\" \/>\n<meta property=\"og:site_name\" content=\"GAL Prealpi e Dolomiti\" \/>\n<meta property=\"article:modified_time\" content=\"2017-04-28T09:36:25+00:00\" \/>\n<meta property=\"og:image\" content=\"https:\/\/galprealpidolomiti.it\/wp-content\/uploads\/elementor\/thumbs\/1400_facciamolo_noi_gal_malga-n7egx4laglwdypt69zlmfa73j99ti27w6ngl37xzc8.jpg\" \/>\n<meta name=\"twitter:card\" content=\"summary_large_image\" \/>\n<meta name=\"twitter:label1\" content=\"Tempo di lettura stimato\" \/>\n\t<meta name=\"twitter:data1\" content=\"3 minuti\" \/>\n<script type=\"application\/ld+json\" class=\"yoast-schema-graph\">{\"@context\":\"https:\/\/schema.org\",\"@graph\":[{\"@type\":\"WebPage\",\"@id\":\"https:\/\/galprealpidolomiti.it\/facciamolo-noi\/i-post\/fiori-plastica-campi-golf-muche-boschi\/\",\"url\":\"https:\/\/galprealpidolomiti.it\/facciamolo-noi\/i-post\/fiori-plastica-campi-golf-muche-boschi\/\",\"name\":\"Fiori di plastica, campi da golf, muche e boschi - GAL Prealpi e Dolomiti\",\"isPartOf\":{\"@id\":\"https:\/\/galprealpidolomiti.it\/#website\"},\"primaryImageOfPage\":{\"@id\":\"https:\/\/galprealpidolomiti.it\/facciamolo-noi\/i-post\/fiori-plastica-campi-golf-muche-boschi\/#primaryimage\"},\"image\":{\"@id\":\"https:\/\/galprealpidolomiti.it\/facciamolo-noi\/i-post\/fiori-plastica-campi-golf-muche-boschi\/#primaryimage\"},\"thumbnailUrl\":\"https:\/\/galprealpidolomiti.it\/wp-content\/uploads\/elementor\/thumbs\/1400_facciamolo_noi_gal_malga-n7egx4laglwdypt69zlmfa73j99ti27w6ngl37xzc8.jpg\",\"datePublished\":\"2017-04-21T12:43:54+00:00\",\"dateModified\":\"2017-04-28T09:36:25+00:00\",\"breadcrumb\":{\"@id\":\"https:\/\/galprealpidolomiti.it\/facciamolo-noi\/i-post\/fiori-plastica-campi-golf-muche-boschi\/#breadcrumb\"},\"inLanguage\":\"it-IT\",\"potentialAction\":[{\"@type\":\"ReadAction\",\"target\":[\"https:\/\/galprealpidolomiti.it\/facciamolo-noi\/i-post\/fiori-plastica-campi-golf-muche-boschi\/\"]}]},{\"@type\":\"ImageObject\",\"inLanguage\":\"it-IT\",\"@id\":\"https:\/\/galprealpidolomiti.it\/facciamolo-noi\/i-post\/fiori-plastica-campi-golf-muche-boschi\/#primaryimage\",\"url\":\"https:\/\/galprealpidolomiti.it\/wp-content\/uploads\/elementor\/thumbs\/1400_facciamolo_noi_gal_malga-n7egx4laglwdypt69zlmfa73j99ti27w6ngl37xzc8.jpg\",\"contentUrl\":\"https:\/\/galprealpidolomiti.it\/wp-content\/uploads\/elementor\/thumbs\/1400_facciamolo_noi_gal_malga-n7egx4laglwdypt69zlmfa73j99ti27w6ngl37xzc8.jpg\"},{\"@type\":\"BreadcrumbList\",\"@id\":\"https:\/\/galprealpidolomiti.it\/facciamolo-noi\/i-post\/fiori-plastica-campi-golf-muche-boschi\/#breadcrumb\",\"itemListElement\":[{\"@type\":\"ListItem\",\"position\":1,\"name\":\"Home\",\"item\":\"https:\/\/galprealpidolomiti.it\/\"},{\"@type\":\"ListItem\",\"position\":2,\"name\":\"Facciamolo noi 2007-2013\",\"item\":\"https:\/\/galprealpidolomiti.it\/facciamolo-noi\/\"},{\"@type\":\"ListItem\",\"position\":3,\"name\":\"I Post\",\"item\":\"https:\/\/galprealpidolomiti.it\/facciamolo-noi\/i-post\/\"},{\"@type\":\"ListItem\",\"position\":4,\"name\":\"Fiori di plastica, campi da golf, muche e boschi\"}]},{\"@type\":\"WebSite\",\"@id\":\"https:\/\/galprealpidolomiti.it\/#website\",\"url\":\"https:\/\/galprealpidolomiti.it\/\",\"name\":\"GAL Prealpi e Dolomiti\",\"description\":\"Gruppo di Azione Locale\",\"publisher\":{\"@id\":\"https:\/\/galprealpidolomiti.it\/#organization\"},\"potentialAction\":[{\"@type\":\"SearchAction\",\"target\":{\"@type\":\"EntryPoint\",\"urlTemplate\":\"https:\/\/galprealpidolomiti.it\/?s={search_term_string}\"},\"query-input\":{\"@type\":\"PropertyValueSpecification\",\"valueRequired\":true,\"valueName\":\"search_term_string\"}}],\"inLanguage\":\"it-IT\"},{\"@type\":\"Organization\",\"@id\":\"https:\/\/galprealpidolomiti.it\/#organization\",\"name\":\"GAL Prealpi e Dolomiti\",\"url\":\"https:\/\/galprealpidolomiti.it\/\",\"logo\":{\"@type\":\"ImageObject\",\"inLanguage\":\"it-IT\",\"@id\":\"https:\/\/galprealpidolomiti.it\/#\/schema\/logo\/image\/\",\"url\":\"https:\/\/www.galprealpidolomiti.it\/old\/wp-content\/uploads\/2020\/03\/striscia-5-loghi.png\",\"contentUrl\":\"https:\/\/www.galprealpidolomiti.it\/old\/wp-content\/uploads\/2020\/03\/striscia-5-loghi.png\",\"width\":1177,\"height\":228,\"caption\":\"GAL Prealpi e Dolomiti\"},\"image\":{\"@id\":\"https:\/\/galprealpidolomiti.it\/#\/schema\/logo\/image\/\"}}]}<\/script>\n<!-- \/ Yoast SEO plugin. -->","yoast_head_json":{"title":"Fiori di plastica, campi da golf, muche e boschi - GAL Prealpi e Dolomiti","robots":{"index":"index","follow":"follow","max-snippet":"max-snippet:-1","max-image-preview":"max-image-preview:large","max-video-preview":"max-video-preview:-1"},"canonical":"https:\/\/galprealpidolomiti.it\/facciamolo-noi\/i-post\/fiori-plastica-campi-golf-muche-boschi\/","og_locale":"it_IT","og_type":"article","og_title":"Fiori di plastica, campi da golf, muche e boschi - GAL Prealpi e Dolomiti","og_description":"Sulla piana del Cansiglio la strada \u2013 che fino a poco prima si arrampicava involuta nel tremolio di ombre e luce dei faggi, tra gli abeti severi \u2013 si fa improvvisamente dritta come un fuso. La fascia degli alberi sopra i prati sembra averla disegnata un bambino, tanto \u00e8 regolare. L&#8217;orizzonte si amplia e il[.....]","og_url":"https:\/\/galprealpidolomiti.it\/facciamolo-noi\/i-post\/fiori-plastica-campi-golf-muche-boschi\/","og_site_name":"GAL Prealpi e Dolomiti","article_modified_time":"2017-04-28T09:36:25+00:00","og_image":[{"url":"https:\/\/galprealpidolomiti.it\/wp-content\/uploads\/elementor\/thumbs\/1400_facciamolo_noi_gal_malga-n7egx4laglwdypt69zlmfa73j99ti27w6ngl37xzc8.jpg","type":"","width":"","height":""}],"twitter_card":"summary_large_image","twitter_misc":{"Tempo di lettura stimato":"3 minuti"},"schema":{"@context":"https:\/\/schema.org","@graph":[{"@type":"WebPage","@id":"https:\/\/galprealpidolomiti.it\/facciamolo-noi\/i-post\/fiori-plastica-campi-golf-muche-boschi\/","url":"https:\/\/galprealpidolomiti.it\/facciamolo-noi\/i-post\/fiori-plastica-campi-golf-muche-boschi\/","name":"Fiori di plastica, campi da golf, muche e boschi - GAL Prealpi e Dolomiti","isPartOf":{"@id":"https:\/\/galprealpidolomiti.it\/#website"},"primaryImageOfPage":{"@id":"https:\/\/galprealpidolomiti.it\/facciamolo-noi\/i-post\/fiori-plastica-campi-golf-muche-boschi\/#primaryimage"},"image":{"@id":"https:\/\/galprealpidolomiti.it\/facciamolo-noi\/i-post\/fiori-plastica-campi-golf-muche-boschi\/#primaryimage"},"thumbnailUrl":"https:\/\/galprealpidolomiti.it\/wp-content\/uploads\/elementor\/thumbs\/1400_facciamolo_noi_gal_malga-n7egx4laglwdypt69zlmfa73j99ti27w6ngl37xzc8.jpg","datePublished":"2017-04-21T12:43:54+00:00","dateModified":"2017-04-28T09:36:25+00:00","breadcrumb":{"@id":"https:\/\/galprealpidolomiti.it\/facciamolo-noi\/i-post\/fiori-plastica-campi-golf-muche-boschi\/#breadcrumb"},"inLanguage":"it-IT","potentialAction":[{"@type":"ReadAction","target":["https:\/\/galprealpidolomiti.it\/facciamolo-noi\/i-post\/fiori-plastica-campi-golf-muche-boschi\/"]}]},{"@type":"ImageObject","inLanguage":"it-IT","@id":"https:\/\/galprealpidolomiti.it\/facciamolo-noi\/i-post\/fiori-plastica-campi-golf-muche-boschi\/#primaryimage","url":"https:\/\/galprealpidolomiti.it\/wp-content\/uploads\/elementor\/thumbs\/1400_facciamolo_noi_gal_malga-n7egx4laglwdypt69zlmfa73j99ti27w6ngl37xzc8.jpg","contentUrl":"https:\/\/galprealpidolomiti.it\/wp-content\/uploads\/elementor\/thumbs\/1400_facciamolo_noi_gal_malga-n7egx4laglwdypt69zlmfa73j99ti27w6ngl37xzc8.jpg"},{"@type":"BreadcrumbList","@id":"https:\/\/galprealpidolomiti.it\/facciamolo-noi\/i-post\/fiori-plastica-campi-golf-muche-boschi\/#breadcrumb","itemListElement":[{"@type":"ListItem","position":1,"name":"Home","item":"https:\/\/galprealpidolomiti.it\/"},{"@type":"ListItem","position":2,"name":"Facciamolo noi 2007-2013","item":"https:\/\/galprealpidolomiti.it\/facciamolo-noi\/"},{"@type":"ListItem","position":3,"name":"I Post","item":"https:\/\/galprealpidolomiti.it\/facciamolo-noi\/i-post\/"},{"@type":"ListItem","position":4,"name":"Fiori di plastica, campi da golf, muche e boschi"}]},{"@type":"WebSite","@id":"https:\/\/galprealpidolomiti.it\/#website","url":"https:\/\/galprealpidolomiti.it\/","name":"GAL Prealpi e Dolomiti","description":"Gruppo di Azione Locale","publisher":{"@id":"https:\/\/galprealpidolomiti.it\/#organization"},"potentialAction":[{"@type":"SearchAction","target":{"@type":"EntryPoint","urlTemplate":"https:\/\/galprealpidolomiti.it\/?s={search_term_string}"},"query-input":{"@type":"PropertyValueSpecification","valueRequired":true,"valueName":"search_term_string"}}],"inLanguage":"it-IT"},{"@type":"Organization","@id":"https:\/\/galprealpidolomiti.it\/#organization","name":"GAL Prealpi e Dolomiti","url":"https:\/\/galprealpidolomiti.it\/","logo":{"@type":"ImageObject","inLanguage":"it-IT","@id":"https:\/\/galprealpidolomiti.it\/#\/schema\/logo\/image\/","url":"https:\/\/www.galprealpidolomiti.it\/old\/wp-content\/uploads\/2020\/03\/striscia-5-loghi.png","contentUrl":"https:\/\/www.galprealpidolomiti.it\/old\/wp-content\/uploads\/2020\/03\/striscia-5-loghi.png","width":1177,"height":228,"caption":"GAL Prealpi e Dolomiti"},"image":{"@id":"https:\/\/galprealpidolomiti.it\/#\/schema\/logo\/image\/"}}]}},"_links":{"self":[{"href":"https:\/\/www.galprealpidolomiti.it\/old\/wp-json\/wp\/v2\/pages\/2311","targetHints":{"allow":["GET"]}}],"collection":[{"href":"https:\/\/www.galprealpidolomiti.it\/old\/wp-json\/wp\/v2\/pages"}],"about":[{"href":"https:\/\/www.galprealpidolomiti.it\/old\/wp-json\/wp\/v2\/types\/page"}],"author":[{"embeddable":true,"href":"https:\/\/www.galprealpidolomiti.it\/old\/wp-json\/wp\/v2\/users\/3"}],"replies":[{"embeddable":true,"href":"https:\/\/www.galprealpidolomiti.it\/old\/wp-json\/wp\/v2\/comments?post=2311"}],"version-history":[{"count":0,"href":"https:\/\/www.galprealpidolomiti.it\/old\/wp-json\/wp\/v2\/pages\/2311\/revisions"}],"up":[{"embeddable":true,"href":"https:\/\/www.galprealpidolomiti.it\/old\/wp-json\/wp\/v2\/pages\/2067"}],"wp:attachment":[{"href":"https:\/\/www.galprealpidolomiti.it\/old\/wp-json\/wp\/v2\/media?parent=2311"}],"wp:term":[{"taxonomy":"category","embeddable":true,"href":"https:\/\/www.galprealpidolomiti.it\/old\/wp-json\/wp\/v2\/categories?post=2311"},{"taxonomy":"post_tag","embeddable":true,"href":"https:\/\/www.galprealpidolomiti.it\/old\/wp-json\/wp\/v2\/tags?post=2311"}],"curies":[{"name":"wp","href":"https:\/\/api.w.org\/{rel}","templated":true}]}}