{"id":2062,"date":"2017-04-20T08:37:15","date_gmt":"2017-04-20T06:37:15","guid":{"rendered":"https:\/\/galprealpidolomiti.it\/?page_id=2062"},"modified":"2017-05-09T09:02:32","modified_gmt":"2017-05-09T07:02:32","slug":"facciamolo-noi","status":"publish","type":"page","link":"https:\/\/www.galprealpidolomiti.it\/old\/facciamolo-noi\/","title":{"rendered":"Facciamolo noi 2007-2013"},"content":{"rendered":"\t\t<div data-elementor-type=\"wp-post\" data-elementor-id=\"2062\" class=\"elementor elementor-2062 elementor-bc-flex-widget\" data-elementor-post-type=\"page\">\n\t\t\t\t\t\t<section class=\"elementor-section elementor-top-section elementor-element elementor-element-3pyvblc elementor-section-boxed elementor-section-height-default elementor-section-height-default\" data-id=\"3pyvblc\" data-element_type=\"section\" data-settings=\"{&quot;jet_parallax_layout_list&quot;:[]}\">\n\t\t\t\t\t\t<div class=\"elementor-container elementor-column-gap-default\">\n\t\t\t\t\t<div class=\"elementor-column elementor-col-100 elementor-top-column elementor-element elementor-element-cnb9yhi\" data-id=\"cnb9yhi\" data-element_type=\"column\">\n\t\t\t<div class=\"elementor-widget-wrap elementor-element-populated\">\n\t\t\t\t\t\t<div class=\"elementor-element elementor-element-qjw46ml elementor-widget elementor-widget-heading\" data-id=\"qjw46ml\" data-element_type=\"widget\" data-widget_type=\"heading.default\">\n\t\t\t\t<div class=\"elementor-widget-container\">\n\t\t\t<h2 class=\"elementor-heading-title elementor-size-default\">Il futuro? \"Facciamolo noi\"<\/h2>\t\t<\/div>\n\t\t\t\t<\/div>\n\t\t\t\t<div class=\"elementor-element elementor-element-ny2plfb elementor-widget elementor-widget-heading\" data-id=\"ny2plfb\" data-element_type=\"widget\" data-widget_type=\"heading.default\">\n\t\t\t\t<div class=\"elementor-widget-container\">\n\t\t\t<h2 class=\"elementor-heading-title elementor-size-medium\">Il progetto del GAL Prealpi e Dolomiti che racconta quel che \u00e8 appena passato guardando al domani<\/h2>\t\t<\/div>\n\t\t\t\t<\/div>\n\t\t\t\t\t<\/div>\n\t\t<\/div>\n\t\t\t\t\t<\/div>\n\t\t<\/section>\n\t\t\t\t<section class=\"elementor-section elementor-top-section elementor-element elementor-element-1l4y152 elementor-section-boxed elementor-section-height-default elementor-section-height-default\" data-id=\"1l4y152\" data-element_type=\"section\" data-settings=\"{&quot;jet_parallax_layout_list&quot;:[]}\">\n\t\t\t\t\t\t<div class=\"elementor-container elementor-column-gap-default\">\n\t\t\t\t\t<div class=\"elementor-column elementor-col-33 elementor-top-column elementor-element elementor-element-ats697o\" data-id=\"ats697o\" data-element_type=\"column\">\n\t\t\t<div class=\"elementor-widget-wrap elementor-element-populated\">\n\t\t\t\t\t\t<div class=\"elementor-element elementor-element-rzpp5mb elementor-widget elementor-widget-text-editor\" data-id=\"rzpp5mb\" data-element_type=\"widget\" data-widget_type=\"text-editor.default\">\n\t\t\t\t<div class=\"elementor-widget-container\">\n\t\t\t\t\t\t\t<p><strong>Facciamolo noi<\/strong> \u00e8 fermarsi un istante, osservare dietro di s\u00e9 e poi piantare di nuovo lo sguardo sull\u2019orizzonte, per ripartire.<br \/> Chiuso il quinquennio 2007- 2013, e alle porte del nuovo percorso, il PSL 2014-2020, il GAL Prealpi e Dolomiti ha deciso di raccontarsi e raccontare.<br \/> Perch\u00e9 era giusto rendere conto di quanto progettato, costruito e consegnato e perch\u00e9 soltanto in questo modo \u00e8 possibile, insieme, porre le basi per quel che c\u2019\u00e8 ancora da costruire, da domani.<br \/> Cos\u00ec, partendo dall\u2019idea di realizzare una manciata di video per raccontare gli interventi svolti sul territorio in questi anni, il progetto realizzato insieme a professionisti del settore, videomakers e giornalisti, ha preso corpo e piano piano \u00e8 diventato qualcosa di pi\u00f9.<br \/> Perch\u00e9 le storie \u00e8 bello raccontarle, ma \u00e8 ancora pi\u00f9 bello farsele raccontare. Cercarle, istigarle e poi accoglierle. L\u2019idea di <strong><em>#facciamolonoi<\/em><\/strong> \u00e8 proprio questo.<\/p>\t\t\t\t\t\t<\/div>\n\t\t\t\t<\/div>\n\t\t\t\t\t<\/div>\n\t\t<\/div>\n\t\t\t\t<div class=\"elementor-column elementor-col-33 elementor-top-column elementor-element elementor-element-elsrc9h\" data-id=\"elsrc9h\" data-element_type=\"column\">\n\t\t\t<div class=\"elementor-widget-wrap elementor-element-populated\">\n\t\t\t\t\t\t<div class=\"elementor-element elementor-element-xxunxyj elementor-widget elementor-widget-video\" data-id=\"xxunxyj\" data-element_type=\"widget\" data-settings=\"{&quot;youtube_url&quot;:&quot;https:\\\/\\\/youtu.be\\\/Ffci04AeteA?list=PLUmnXTMDtc7T30QeXUWbN8RHL9_GlCXRZ&quot;,&quot;video_type&quot;:&quot;youtube&quot;,&quot;controls&quot;:&quot;yes&quot;}\" data-widget_type=\"video.default\">\n\t\t\t\t<div class=\"elementor-widget-container\">\n\t\t\t\t\t<div class=\"elementor-wrapper elementor-open-inline\">\n\t\t\t<div class=\"elementor-video\"><\/div>\t\t<\/div>\n\t\t\t\t<\/div>\n\t\t\t\t<\/div>\n\t\t\t\t<div class=\"elementor-element elementor-element-6idy50p elementor-widget elementor-widget-text-editor\" data-id=\"6idy50p\" data-element_type=\"widget\" data-widget_type=\"text-editor.default\">\n\t\t\t\t<div class=\"elementor-widget-container\">\n\t\t\t\t\t\t\t<p>\u00c8 un rendiconto, s\u00ec, ma \u00e8 anche condivisione, spazio aperto, comunit\u00e0. Non solo la casa delle nostre proposte, ma anche la piazza per raccontare le vostre.<br \/> Semplicemente condividendole se hanno gi\u00e0 conosciuto la parola \u201cfine\u201d o magari suggerendole se state ancora sognando, aspettando o costruendo il loro inizio, magari cercando qualcuno che possa darvi una mano.<br \/> Noi, intanto, abbiamo deciso di raccontare i luoghi del bellunese con un occhio diverso, non tanto lustrato a festa, ma ad altezza zappa, ferro da calza, croda, maiale e mattoni.<br \/> Abbiamo raccontato il nostro territorio con le storie di chi ogni santo giorno lo vive, lo custodisce e lo fa crescere.<\/p>\t\t\t\t\t\t<\/div>\n\t\t\t\t<\/div>\n\t\t\t\t\t<\/div>\n\t\t<\/div>\n\t\t\t\t<div class=\"elementor-column elementor-col-33 elementor-top-column elementor-element elementor-element-m2s92tk\" data-id=\"m2s92tk\" data-element_type=\"column\">\n\t\t\t<div class=\"elementor-widget-wrap elementor-element-populated\">\n\t\t\t\t\t\t<div class=\"elementor-element elementor-element-aoug6ur elementor-widget elementor-widget-text-editor\" data-id=\"aoug6ur\" data-element_type=\"widget\" data-widget_type=\"text-editor.default\">\n\t\t\t\t<div class=\"elementor-widget-container\">\n\t\t\t\t\t\t\t<p>Non soltanto numeri, conti, linee tirate a fine corsa, ma persone. Ovvero il passato, il presente e soprattutto il futuro di questo territorio.<br \/> GAL \u00e8 preservare, mantenere, migliorare. E tutto questo non possono che farlo e realizzarlo le persone. Quelle a cui si accende un\u2019idea, quelle che hanno le competenze per progettarla e quelle che invece ci mettono le braccia per realizzarle. Il GAL, nel 2003 cos\u00ec come nel 2015 o nel 2020, \u00e8 lo strumento per riuscire a vederle concretizzate.<br \/> Con Facciamolo noi ne abbiamo raccolte alcune, con immagini, ferme o in movimento che siano, e con parole.<br \/> Il tutto aspettando che quelle che non siamo riusciti a intercettare si raccontino da s\u00e9, facendo crescere il progetto e rendendolo esattamente ci\u00f2 per cui \u00e8 nato: accorgersi di una comunit\u00e0 forte del proprio passato, rivolta al futuro.<\/p>\t\t\t\t\t\t<\/div>\n\t\t\t\t<\/div>\n\t\t\t\t\t<\/div>\n\t\t<\/div>\n\t\t\t\t\t<\/div>\n\t\t<\/section>\n\t\t\t\t<section class=\"elementor-section elementor-top-section elementor-element elementor-element-gq200ri elementor-section-boxed elementor-section-height-default elementor-section-height-default\" data-id=\"gq200ri\" data-element_type=\"section\" data-settings=\"{&quot;jet_parallax_layout_list&quot;:[]}\">\n\t\t\t\t\t\t<div class=\"elementor-container elementor-column-gap-default\">\n\t\t\t\t\t<div class=\"elementor-column elementor-col-50 elementor-top-column elementor-element elementor-element-zc3neyd\" data-id=\"zc3neyd\" data-element_type=\"column\">\n\t\t\t<div class=\"elementor-widget-wrap elementor-element-populated\">\n\t\t\t\t\t\t<div class=\"elementor-element elementor-element-ycgcfh7 elementor-widget elementor-widget-image\" data-id=\"ycgcfh7\" data-element_type=\"widget\" data-widget_type=\"image.default\">\n\t\t\t\t<div class=\"elementor-widget-container\">\n\t\t\t\t\t\t\t\t\t\t\t\t\t\t<a href=\"https:\/\/galprealpidolomiti.it\/facciamolo-noi\/i-post\/\" target=\"_blank\">\n\t\t\t\t\t\t\t<img fetchpriority=\"high\" decoding=\"async\" width=\"640\" height=\"1549\" src=\"https:\/\/www.galprealpidolomiti.it\/old\/wp-content\/uploads\/2017\/04\/post-768x1859.jpg\" class=\"elementor-animation-grow attachment-medium_large size-medium_large wp-image-2642\" alt=\"\" srcset=\"https:\/\/www.galprealpidolomiti.it\/old\/wp-content\/uploads\/2017\/04\/post-768x1859.jpg 768w, https:\/\/www.galprealpidolomiti.it\/old\/wp-content\/uploads\/2017\/04\/post-124x300.jpg 124w, https:\/\/www.galprealpidolomiti.it\/old\/wp-content\/uploads\/2017\/04\/post-423x1024.jpg 423w, https:\/\/www.galprealpidolomiti.it\/old\/wp-content\/uploads\/2017\/04\/post.jpg 1132w\" sizes=\"(max-width: 640px) 100vw, 640px\" \/>\t\t\t\t\t\t\t\t<\/a>\n\t\t\t\t\t\t\t\t\t\t\t\t\t<\/div>\n\t\t\t\t<\/div>\n\t\t\t\t\t<\/div>\n\t\t<\/div>\n\t\t\t\t<div class=\"elementor-column elementor-col-50 elementor-top-column elementor-element elementor-element-ojht65k\" data-id=\"ojht65k\" data-element_type=\"column\">\n\t\t\t<div class=\"elementor-widget-wrap elementor-element-populated\">\n\t\t\t\t\t\t<div class=\"elementor-element elementor-element-mkldtjb elementor-widget elementor-widget-image\" data-id=\"mkldtjb\" data-element_type=\"widget\" data-widget_type=\"image.default\">\n\t\t\t\t<div class=\"elementor-widget-container\">\n\t\t\t\t\t\t\t\t\t\t\t\t\t\t<a href=\"https:\/\/galprealpidolomiti.it\/facciamolo-noi\/i-video\/\" target=\"_blank\">\n\t\t\t\t\t\t\t<img decoding=\"async\" width=\"640\" height=\"1546\" src=\"https:\/\/www.galprealpidolomiti.it\/old\/wp-content\/uploads\/2017\/04\/video-768x1855.jpg\" class=\"elementor-animation-grow attachment-medium_large size-medium_large wp-image-2643\" alt=\"\" srcset=\"https:\/\/www.galprealpidolomiti.it\/old\/wp-content\/uploads\/2017\/04\/video-768x1855.jpg 768w, https:\/\/www.galprealpidolomiti.it\/old\/wp-content\/uploads\/2017\/04\/video-124x300.jpg 124w, https:\/\/www.galprealpidolomiti.it\/old\/wp-content\/uploads\/2017\/04\/video-424x1024.jpg 424w, https:\/\/www.galprealpidolomiti.it\/old\/wp-content\/uploads\/2017\/04\/video.jpg 1134w\" sizes=\"(max-width: 640px) 100vw, 640px\" \/>\t\t\t\t\t\t\t\t<\/a>\n\t\t\t\t\t\t\t\t\t\t\t\t\t<\/div>\n\t\t\t\t<\/div>\n\t\t\t\t\t<\/div>\n\t\t<\/div>\n\t\t\t\t\t<\/div>\n\t\t<\/section>\n\t\t\t\t<\/div>\n\t\t","protected":false},"excerpt":{"rendered":"<p>&nbsp; Il futuro? &#8220;Facciamolo noi&#8221; Il progetto del GAL Prealpi e Dolomiti che racconta quel che \u00e8 appena passato guardando al domani Facciamolo noi \u00e8 fermarsi un istante, osservare dietro di s\u00e9 e poi piantare di nuovo lo sguardo sull\u2019orizzonte, per ripartire. Chiuso il quinquennio 2007- 2013, e alle porte del nuovo percorso, il PSL[&#8230;..]<\/p>\n","protected":false},"author":3,"featured_media":0,"parent":0,"menu_order":11,"comment_status":"closed","ping_status":"closed","template":"","meta":{"footnotes":""},"categories":[],"tags":[],"class_list":["post-2062","page","type-page","status-publish","hentry"],"yoast_head":"<!-- This site is optimized with the Yoast SEO plugin v25.7 - https:\/\/yoast.com\/wordpress\/plugins\/seo\/ -->\n<title>Facciamolo noi 2007-2013 - GAL Prealpi e Dolomiti<\/title>\n<meta name=\"robots\" content=\"index, follow, max-snippet:-1, max-image-preview:large, max-video-preview:-1\" \/>\n<link rel=\"canonical\" href=\"https:\/\/galprealpidolomiti.it\/facciamolo-noi\/\" \/>\n<meta property=\"og:locale\" content=\"it_IT\" \/>\n<meta property=\"og:type\" content=\"article\" \/>\n<meta property=\"og:title\" content=\"Facciamolo noi 2007-2013 - GAL Prealpi e Dolomiti\" \/>\n<meta property=\"og:description\" content=\"&nbsp; Il futuro? &#8220;Facciamolo noi&#8221; Il progetto del GAL Prealpi e Dolomiti che racconta quel che \u00e8 appena passato guardando al domani Facciamolo noi \u00e8 fermarsi un istante, osservare dietro di s\u00e9 e poi piantare di nuovo lo sguardo sull\u2019orizzonte, per ripartire. Chiuso il quinquennio 2007- 2013, e alle porte del nuovo percorso, il PSL[.....]\" \/>\n<meta property=\"og:url\" content=\"https:\/\/galprealpidolomiti.it\/facciamolo-noi\/\" \/>\n<meta property=\"og:site_name\" content=\"GAL Prealpi e Dolomiti\" \/>\n<meta property=\"article:modified_time\" content=\"2017-05-09T07:02:32+00:00\" \/>\n<meta property=\"og:image\" content=\"https:\/\/galprealpidolomiti.it\/wp-content\/uploads\/2017\/04\/post-768x1859.jpg\" \/>\n<meta name=\"twitter:card\" content=\"summary_large_image\" \/>\n<meta name=\"twitter:label1\" content=\"Tempo di lettura stimato\" \/>\n\t<meta name=\"twitter:data1\" content=\"2 minuti\" \/>\n<script type=\"application\/ld+json\" class=\"yoast-schema-graph\">{\"@context\":\"https:\/\/schema.org\",\"@graph\":[{\"@type\":\"WebPage\",\"@id\":\"https:\/\/galprealpidolomiti.it\/facciamolo-noi\/\",\"url\":\"https:\/\/galprealpidolomiti.it\/facciamolo-noi\/\",\"name\":\"Facciamolo noi 2007-2013 - GAL Prealpi e Dolomiti\",\"isPartOf\":{\"@id\":\"https:\/\/galprealpidolomiti.it\/#website\"},\"primaryImageOfPage\":{\"@id\":\"https:\/\/galprealpidolomiti.it\/facciamolo-noi\/#primaryimage\"},\"image\":{\"@id\":\"https:\/\/galprealpidolomiti.it\/facciamolo-noi\/#primaryimage\"},\"thumbnailUrl\":\"https:\/\/galprealpidolomiti.it\/wp-content\/uploads\/2017\/04\/post-768x1859.jpg\",\"datePublished\":\"2017-04-20T06:37:15+00:00\",\"dateModified\":\"2017-05-09T07:02:32+00:00\",\"breadcrumb\":{\"@id\":\"https:\/\/galprealpidolomiti.it\/facciamolo-noi\/#breadcrumb\"},\"inLanguage\":\"it-IT\",\"potentialAction\":[{\"@type\":\"ReadAction\",\"target\":[\"https:\/\/galprealpidolomiti.it\/facciamolo-noi\/\"]}]},{\"@type\":\"ImageObject\",\"inLanguage\":\"it-IT\",\"@id\":\"https:\/\/galprealpidolomiti.it\/facciamolo-noi\/#primaryimage\",\"url\":\"https:\/\/galprealpidolomiti.it\/wp-content\/uploads\/2017\/04\/post-768x1859.jpg\",\"contentUrl\":\"https:\/\/galprealpidolomiti.it\/wp-content\/uploads\/2017\/04\/post-768x1859.jpg\"},{\"@type\":\"BreadcrumbList\",\"@id\":\"https:\/\/galprealpidolomiti.it\/facciamolo-noi\/#breadcrumb\",\"itemListElement\":[{\"@type\":\"ListItem\",\"position\":1,\"name\":\"Home\",\"item\":\"https:\/\/galprealpidolomiti.it\/\"},{\"@type\":\"ListItem\",\"position\":2,\"name\":\"Facciamolo noi 2007-2013\"}]},{\"@type\":\"WebSite\",\"@id\":\"https:\/\/galprealpidolomiti.it\/#website\",\"url\":\"https:\/\/galprealpidolomiti.it\/\",\"name\":\"GAL Prealpi e Dolomiti\",\"description\":\"Gruppo di Azione Locale\",\"publisher\":{\"@id\":\"https:\/\/galprealpidolomiti.it\/#organization\"},\"potentialAction\":[{\"@type\":\"SearchAction\",\"target\":{\"@type\":\"EntryPoint\",\"urlTemplate\":\"https:\/\/galprealpidolomiti.it\/?s={search_term_string}\"},\"query-input\":{\"@type\":\"PropertyValueSpecification\",\"valueRequired\":true,\"valueName\":\"search_term_string\"}}],\"inLanguage\":\"it-IT\"},{\"@type\":\"Organization\",\"@id\":\"https:\/\/galprealpidolomiti.it\/#organization\",\"name\":\"GAL Prealpi e Dolomiti\",\"url\":\"https:\/\/galprealpidolomiti.it\/\",\"logo\":{\"@type\":\"ImageObject\",\"inLanguage\":\"it-IT\",\"@id\":\"https:\/\/galprealpidolomiti.it\/#\/schema\/logo\/image\/\",\"url\":\"https:\/\/www.galprealpidolomiti.it\/old\/wp-content\/uploads\/2020\/03\/striscia-5-loghi.png\",\"contentUrl\":\"https:\/\/www.galprealpidolomiti.it\/old\/wp-content\/uploads\/2020\/03\/striscia-5-loghi.png\",\"width\":1177,\"height\":228,\"caption\":\"GAL Prealpi e Dolomiti\"},\"image\":{\"@id\":\"https:\/\/galprealpidolomiti.it\/#\/schema\/logo\/image\/\"}}]}<\/script>\n<!-- \/ Yoast SEO plugin. -->","yoast_head_json":{"title":"Facciamolo noi 2007-2013 - GAL Prealpi e Dolomiti","robots":{"index":"index","follow":"follow","max-snippet":"max-snippet:-1","max-image-preview":"max-image-preview:large","max-video-preview":"max-video-preview:-1"},"canonical":"https:\/\/galprealpidolomiti.it\/facciamolo-noi\/","og_locale":"it_IT","og_type":"article","og_title":"Facciamolo noi 2007-2013 - GAL Prealpi e Dolomiti","og_description":"&nbsp; Il futuro? &#8220;Facciamolo noi&#8221; Il progetto del GAL Prealpi e Dolomiti che racconta quel che \u00e8 appena passato guardando al domani Facciamolo noi \u00e8 fermarsi un istante, osservare dietro di s\u00e9 e poi piantare di nuovo lo sguardo sull\u2019orizzonte, per ripartire. Chiuso il quinquennio 2007- 2013, e alle porte del nuovo percorso, il PSL[.....]","og_url":"https:\/\/galprealpidolomiti.it\/facciamolo-noi\/","og_site_name":"GAL Prealpi e Dolomiti","article_modified_time":"2017-05-09T07:02:32+00:00","og_image":[{"url":"https:\/\/galprealpidolomiti.it\/wp-content\/uploads\/2017\/04\/post-768x1859.jpg","type":"","width":"","height":""}],"twitter_card":"summary_large_image","twitter_misc":{"Tempo di lettura stimato":"2 minuti"},"schema":{"@context":"https:\/\/schema.org","@graph":[{"@type":"WebPage","@id":"https:\/\/galprealpidolomiti.it\/facciamolo-noi\/","url":"https:\/\/galprealpidolomiti.it\/facciamolo-noi\/","name":"Facciamolo noi 2007-2013 - GAL Prealpi e Dolomiti","isPartOf":{"@id":"https:\/\/galprealpidolomiti.it\/#website"},"primaryImageOfPage":{"@id":"https:\/\/galprealpidolomiti.it\/facciamolo-noi\/#primaryimage"},"image":{"@id":"https:\/\/galprealpidolomiti.it\/facciamolo-noi\/#primaryimage"},"thumbnailUrl":"https:\/\/galprealpidolomiti.it\/wp-content\/uploads\/2017\/04\/post-768x1859.jpg","datePublished":"2017-04-20T06:37:15+00:00","dateModified":"2017-05-09T07:02:32+00:00","breadcrumb":{"@id":"https:\/\/galprealpidolomiti.it\/facciamolo-noi\/#breadcrumb"},"inLanguage":"it-IT","potentialAction":[{"@type":"ReadAction","target":["https:\/\/galprealpidolomiti.it\/facciamolo-noi\/"]}]},{"@type":"ImageObject","inLanguage":"it-IT","@id":"https:\/\/galprealpidolomiti.it\/facciamolo-noi\/#primaryimage","url":"https:\/\/galprealpidolomiti.it\/wp-content\/uploads\/2017\/04\/post-768x1859.jpg","contentUrl":"https:\/\/galprealpidolomiti.it\/wp-content\/uploads\/2017\/04\/post-768x1859.jpg"},{"@type":"BreadcrumbList","@id":"https:\/\/galprealpidolomiti.it\/facciamolo-noi\/#breadcrumb","itemListElement":[{"@type":"ListItem","position":1,"name":"Home","item":"https:\/\/galprealpidolomiti.it\/"},{"@type":"ListItem","position":2,"name":"Facciamolo noi 2007-2013"}]},{"@type":"WebSite","@id":"https:\/\/galprealpidolomiti.it\/#website","url":"https:\/\/galprealpidolomiti.it\/","name":"GAL Prealpi e Dolomiti","description":"Gruppo di Azione Locale","publisher":{"@id":"https:\/\/galprealpidolomiti.it\/#organization"},"potentialAction":[{"@type":"SearchAction","target":{"@type":"EntryPoint","urlTemplate":"https:\/\/galprealpidolomiti.it\/?s={search_term_string}"},"query-input":{"@type":"PropertyValueSpecification","valueRequired":true,"valueName":"search_term_string"}}],"inLanguage":"it-IT"},{"@type":"Organization","@id":"https:\/\/galprealpidolomiti.it\/#organization","name":"GAL Prealpi e Dolomiti","url":"https:\/\/galprealpidolomiti.it\/","logo":{"@type":"ImageObject","inLanguage":"it-IT","@id":"https:\/\/galprealpidolomiti.it\/#\/schema\/logo\/image\/","url":"https:\/\/www.galprealpidolomiti.it\/old\/wp-content\/uploads\/2020\/03\/striscia-5-loghi.png","contentUrl":"https:\/\/www.galprealpidolomiti.it\/old\/wp-content\/uploads\/2020\/03\/striscia-5-loghi.png","width":1177,"height":228,"caption":"GAL Prealpi e Dolomiti"},"image":{"@id":"https:\/\/galprealpidolomiti.it\/#\/schema\/logo\/image\/"}}]}},"_links":{"self":[{"href":"https:\/\/www.galprealpidolomiti.it\/old\/wp-json\/wp\/v2\/pages\/2062","targetHints":{"allow":["GET"]}}],"collection":[{"href":"https:\/\/www.galprealpidolomiti.it\/old\/wp-json\/wp\/v2\/pages"}],"about":[{"href":"https:\/\/www.galprealpidolomiti.it\/old\/wp-json\/wp\/v2\/types\/page"}],"author":[{"embeddable":true,"href":"https:\/\/www.galprealpidolomiti.it\/old\/wp-json\/wp\/v2\/users\/3"}],"replies":[{"embeddable":true,"href":"https:\/\/www.galprealpidolomiti.it\/old\/wp-json\/wp\/v2\/comments?post=2062"}],"version-history":[{"count":0,"href":"https:\/\/www.galprealpidolomiti.it\/old\/wp-json\/wp\/v2\/pages\/2062\/revisions"}],"wp:attachment":[{"href":"https:\/\/www.galprealpidolomiti.it\/old\/wp-json\/wp\/v2\/media?parent=2062"}],"wp:term":[{"taxonomy":"category","embeddable":true,"href":"https:\/\/www.galprealpidolomiti.it\/old\/wp-json\/wp\/v2\/categories?post=2062"},{"taxonomy":"post_tag","embeddable":true,"href":"https:\/\/www.galprealpidolomiti.it\/old\/wp-json\/wp\/v2\/tags?post=2062"}],"curies":[{"name":"wp","href":"https:\/\/api.w.org\/{rel}","templated":true}]}}